CRAN Package Check Results for Package ijtiff

Last updated on 2022-01-24 22:56:30 CET.

Flavor Version Tinstall Tcheck Ttotal Status Flags
r-devel-linux-x86_64-debian-clang 2.2.7 5.76 62.28 68.04 OK
r-devel-linux-x86_64-debian-gcc 2.2.7 4.74 47.24 51.98 OK
r-devel-linux-x86_64-fedora-clang 2.2.7 81.37 OK
r-devel-linux-x86_64-fedora-gcc 2.2.7 71.10 OK
r-devel-windows-x86_64-new-UL 2.2.7 90.00 103.00 193.00 OK
r-devel-windows-x86_64-new-TK 2.2.7 OK
r-patched-linux-x86_64 2.2.7 5.81 61.16 66.97 OK
r-release-linux-x86_64 2.2.7 6.72 61.50 68.22 OK
r-release-macos-arm64 2.2.7 NOTE
r-release-macos-x86_64 2.2.7 NOTE
r-release-windows-ix86+x86_64 2.2.7 24.00 9.00 33.00 ERROR
r-oldrel-macos-x86_64 2.2.7 NOTE
r-oldrel-windows-ix86+x86_64 2.2.7 22.00 112.00 134.00 OK

Check Details

Version: 2.2.7
Check: installed package size
Result: NOTE
     installed size is 7.3Mb
     sub-directories of 1Mb or more:
     libs 5.4Mb
Flavors: r-release-macos-arm64, r-release-macos-x86_64, r-oldrel-macos-x86_64

Version: 2.2.7
Check: whether package can be installed
Result: ERROR
    Installation failed.
Flavor: r-release-windows-ix86+x86_64