CRAN Package Check Results for Package imp4p

Last updated on 2022-01-26 22:54:53 CET.

Flavor Version Tinstall Tcheck Ttotal Status Flags
r-devel-linux-x86_64-debian-clang 1.2 53.66 84.27 137.93 OK
r-devel-linux-x86_64-debian-gcc 1.2 37.56 61.76 99.32 OK
r-devel-linux-x86_64-fedora-clang 1.2 184.07 OK
r-devel-linux-x86_64-fedora-gcc 1.2 159.98 OK
r-devel-windows-x86_64-new-UL 1.2 71.00 119.00 190.00 OK
r-devel-windows-x86_64-new-TK 1.2 ERROR
r-patched-linux-x86_64 1.2 48.54 76.30 124.84 OK
r-release-linux-x86_64 1.2 43.89 75.94 119.83 OK
r-release-macos-arm64 1.2 OK
r-release-macos-x86_64 1.2 OK
r-release-windows-ix86+x86_64 1.2 132.00 132.00 264.00 OK
r-oldrel-macos-x86_64 1.2 OK
r-oldrel-windows-ix86+x86_64 1.2 132.00 136.00 268.00 OK

Check Details

Version: 1.2
Check: package dependencies
Result: ERROR
    Package required but not available: 'missMDA'
    
    See section 'The DESCRIPTION file' in the 'Writing R Extensions'
    manual.
Flavor: r-devel-windows-x86_64-new-TK