CRAN Package Check Results for Package imputeTestbench

Last updated on 2021-12-03 22:57:43 CET.

Flavor Version Tinstall Tcheck Ttotal Status Flags
r-devel-linux-x86_64-debian-clang 3.0.3 7.62 79.47 87.09 NOTE
r-devel-linux-x86_64-debian-gcc 3.0.3 6.36 59.80 66.16 NOTE
r-devel-linux-x86_64-fedora-clang 3.0.3 113.15 NOTE
r-devel-linux-x86_64-fedora-gcc 3.0.3 100.73 NOTE
r-devel-windows-x86_64-new-UL 3.0.3 17.00 118.00 135.00 NOTE
r-devel-windows-x86_64-new-TK 3.0.3 NOTE
r-devel-windows-x86_64-old 3.0.3 12.00 73.00 85.00 NOTE
r-patched-linux-x86_64 3.0.3 4.73 72.52 77.25 NOTE
r-release-linux-x86_64 3.0.3 7.93 72.88 80.81 NOTE
r-release-macos-arm64 3.0.3 NOTE
r-release-macos-x86_64 3.0.3 NOTE
r-release-windows-ix86+x86_64 3.0.3 20.00 97.00 117.00 NOTE
r-oldrel-macos-x86_64 3.0.3 OK
r-oldrel-windows-ix86+x86_64 3.0.3 20.00 100.00 120.00 OK

Check Details

Version: 3.0.3
Check: LazyData
Result: NOTE
     'LazyData' is specified without a 'data' directory
Flavors: r-devel-linux-x86_64-debian-clang, r-devel-linux-x86_64-debian-gcc, r-devel-linux-x86_64-fedora-clang, r-devel-linux-x86_64-fedora-gcc, r-devel-windows-x86_64-new-UL, r-devel-windows-x86_64-new-TK, r-devel-windows-x86_64-old, r-patched-linux-x86_64, r-release-linux-x86_64, r-release-macos-arm64, r-release-macos-x86_64, r-release-windows-ix86+x86_64