CRAN Package Check Results for Package industRial

Last updated on 2022-01-23 22:49:43 CET.

Flavor Version Tinstall Tcheck Ttotal Status Flags
r-devel-linux-x86_64-debian-clang 0.1.0 6.53 61.79 68.32 OK
r-devel-linux-x86_64-debian-gcc 0.1.0 5.55 52.62 58.17 OK
r-devel-linux-x86_64-fedora-clang 0.1.0 82.33 NOTE
r-devel-linux-x86_64-fedora-gcc 0.1.0 67.98 NOTE
r-devel-windows-x86_64-new-UL 0.1.0 124.00 85.00 209.00 OK
r-devel-windows-x86_64-new-TK 0.1.0 NOTE
r-patched-linux-x86_64 0.1.0 6.20 58.44 64.64 OK
r-release-linux-x86_64 0.1.0 4.76 58.05 62.81 OK
r-release-macos-arm64 0.1.0 NOTE
r-release-macos-x86_64 0.1.0 NOTE
r-release-windows-ix86+x86_64 0.1.0 16.00 71.00 87.00 OK
r-oldrel-macos-x86_64 0.1.0 NOTE
r-oldrel-windows-ix86+x86_64 0.1.0 16.00 73.00 89.00 OK

Check Details

Version: 0.1.0
Check: data for non-ASCII characters
Result: NOTE
     Note: found 2 marked UTF-8 strings
Flavors: r-devel-linux-x86_64-fedora-clang, r-devel-linux-x86_64-fedora-gcc, r-devel-windows-x86_64-new-TK, r-release-macos-arm64, r-release-macos-x86_64, r-oldrel-macos-x86_64

Version: 0.1.0
Check: package dependencies
Result: NOTE
    Packages suggested but not available for checking: 'car', 'RcmdrMisc'
Flavor: r-devel-windows-x86_64-new-TK