CRAN Package Check Results for Package influential

Last updated on 2022-01-15 23:00:29 CET.

Flavor Version Tinstall Tcheck Ttotal Status Flags
r-devel-linux-x86_64-debian-clang 2.2.4 5.69 66.08 71.77 OK
r-devel-linux-x86_64-debian-gcc 2.2.4 5.84 51.61 57.45 OK
r-devel-linux-x86_64-fedora-clang 2.2.4 90.75 OK
r-devel-linux-x86_64-fedora-gcc 2.2.4 67.59 OK
r-devel-windows-x86_64-new-UL 2.2.4 70.00 94.00 164.00 OK
r-devel-windows-x86_64-new-TK 2.2.4 NOTE
r-patched-linux-x86_64 2.2.4 6.87 63.75 70.62 OK
r-release-linux-x86_64 2.2.4 5.30 64.55 69.85 OK
r-release-macos-arm64 2.2.4 OK
r-release-macos-x86_64 2.2.4 OK
r-release-windows-ix86+x86_64 2.2.4 12.00 83.00 95.00 OK
r-oldrel-macos-x86_64 2.2.4 OK
r-oldrel-windows-ix86+x86_64 2.2.4 13.00 78.00 91.00 OK

Check Details

Version: 2.2.4
Check: package dependencies
Result: NOTE
    Package suggested but not available for checking: 'NNS'
Flavor: r-devel-windows-x86_64-new-TK

Version: 2.2.4
Check: Rd cross-references
Result: NOTE
    Package unavailable to check Rd xrefs: 'NNS'
Flavor: r-devel-windows-x86_64-new-TK