CRAN Package Check Results for Package inlinedocs

Last updated on 2022-01-16 22:51:16 CET.

Flavor Version Tinstall Tcheck Ttotal Status Flags
r-devel-linux-x86_64-debian-clang 2019.12.5 6.24 41.35 47.59 OK
r-devel-linux-x86_64-debian-gcc 2019.12.5 4.54 33.14 37.68 OK
r-devel-linux-x86_64-fedora-clang 2019.12.5 58.87 NOTE
r-devel-linux-x86_64-fedora-gcc 2019.12.5 48.42 OK
r-devel-windows-x86_64-new-UL 2019.12.5 114.00 73.00 187.00 OK
r-devel-windows-x86_64-new-TK 1.0 OK
r-patched-linux-x86_64 2019.12.5 5.72 40.66 46.38 OK
r-release-linux-x86_64 2019.12.5 OK
r-release-macos-arm64 2019.12.5 OK
r-release-macos-x86_64 2019.12.5 OK
r-release-windows-ix86+x86_64 2019.12.5 10.00 57.00 67.00 OK
r-oldrel-macos-x86_64 2019.12.5 OK
r-oldrel-windows-ix86+x86_64 2019.12.5 13.00 55.00 68.00 OK

Check Details

Version: 2019.12.5
Check: Rd cross-references
Result: NOTE
    Undeclared package ‘R.methodsS3’ in Rd xrefs
Flavor: r-devel-linux-x86_64-fedora-clang