CRAN Package Check Results for Package inlmisc

Last updated on 2022-01-21 23:01:53 CET.

Flavor Version Tinstall Tcheck Ttotal Status Flags
r-devel-linux-x86_64-debian-clang 0.5.2 30.99 306.95 337.94 NOTE
r-devel-linux-x86_64-debian-gcc 0.5.2 27.53 225.17 252.70 NOTE
r-devel-linux-x86_64-fedora-clang 0.5.2 405.22 NOTE
r-devel-linux-x86_64-fedora-gcc 0.5.2 388.15 NOTE
r-devel-windows-x86_64-new-UL 0.5.2 95.00 309.00 404.00 NOTE
r-devel-windows-x86_64-new-TK 0.5.2 NOTE
r-patched-linux-x86_64 0.5.2 33.50 287.76 321.26 NOTE
r-release-linux-x86_64 0.5.2 29.98 287.95 317.93 NOTE
r-release-macos-arm64 0.5.2 NOTE
r-release-macos-x86_64 0.5.2 NOTE
r-release-windows-ix86+x86_64 0.5.2 70.00 445.00 515.00 NOTE
r-oldrel-macos-x86_64 0.5.2 OK
r-oldrel-windows-ix86+x86_64 0.5.2 71.00 469.00 540.00 OK

Check Details

Version: 0.5.2
Check: LazyData
Result: NOTE
     'LazyData' is specified without a 'data' directory
     'LazyDataCompression' is specified without a 'data' directory
Flavors: r-devel-linux-x86_64-debian-clang, r-devel-linux-x86_64-debian-gcc, r-devel-linux-x86_64-fedora-clang, r-devel-linux-x86_64-fedora-gcc, r-devel-windows-x86_64-new-UL, r-devel-windows-x86_64-new-TK, r-patched-linux-x86_64, r-release-linux-x86_64, r-release-macos-arm64, r-release-macos-x86_64, r-release-windows-ix86+x86_64