CRAN Package Check Results for Package insane

Last updated on 2021-12-02 22:55:56 CET.

Flavor Version Tinstall Tcheck Ttotal Status Flags
r-devel-linux-x86_64-debian-clang 0.1.0 7.21 70.98 78.19 NOTE
r-devel-linux-x86_64-debian-gcc 0.1.0 5.54 54.53 60.07 NOTE
r-devel-linux-x86_64-fedora-clang 0.1.0 102.03 NOTE
r-devel-linux-x86_64-fedora-gcc 0.1.0 89.79 NOTE
r-devel-windows-x86_64-new-UL 0.1.0 18.00 118.00 136.00 NOTE
r-devel-windows-x86_64-new-TK 0.1.0 NOTE
r-devel-windows-x86_64-old 0.1.0 13.00 80.00 93.00 NOTE
r-patched-linux-x86_64 0.1.0 7.45 65.99 73.44 NOTE
r-patched-solaris-x86 0.1.0 133.30 NOTE
r-release-linux-x86_64 0.1.0 6.53 65.65 72.18 NOTE
r-release-macos-arm64 0.1.0 NOTE
r-release-macos-x86_64 0.1.0 NOTE
r-release-windows-ix86+x86_64 0.1.0 18.00 96.00 114.00 NOTE
r-oldrel-macos-x86_64 0.1.0 OK
r-oldrel-windows-ix86+x86_64 0.1.0 21.00 98.00 119.00 OK

Check Details

Version: 0.1.0
Check: LazyData
Result: NOTE
     'LazyData' is specified without a 'data' directory
Flavors: r-devel-linux-x86_64-debian-clang, r-devel-linux-x86_64-debian-gcc, r-devel-linux-x86_64-fedora-clang, r-devel-linux-x86_64-fedora-gcc, r-devel-windows-x86_64-new-UL, r-devel-windows-x86_64-new-TK, r-devel-windows-x86_64-old, r-patched-linux-x86_64, r-patched-solaris-x86, r-release-linux-x86_64, r-release-macos-arm64, r-release-macos-x86_64, r-release-windows-ix86+x86_64