CRAN Package Check Results for Package insight

Last updated on 2024-05-28 22:50:57 CEST.

Flavor Version Tinstall Tcheck Ttotal Status Flags
r-devel-linux-x86_64-debian-clang 0.19.11 32.18 323.49 355.67 ERROR
r-devel-linux-x86_64-debian-gcc 0.19.11 24.15 233.01 257.16 ERROR
r-devel-linux-x86_64-fedora-clang 0.19.11 482.31 ERROR
r-devel-linux-x86_64-fedora-gcc 0.19.11 462.36 ERROR
r-devel-windows-x86_64 0.19.11 27.00 332.00 359.00 OK
r-patched-linux-x86_64 0.19.11 36.74 552.43 589.17 NOTE
r-release-linux-x86_64 0.19.11 37.58 568.79 606.37 OK
r-release-macos-arm64 0.19.11 195.00 OK
r-release-macos-x86_64 0.19.11 531.00 OK
r-release-windows-x86_64 0.19.11 31.00 329.00 360.00 OK
r-oldrel-macos-arm64 0.19.11 194.00 OK
r-oldrel-macos-x86_64 0.19.11 521.00 OK
r-oldrel-windows-x86_64 0.19.11 29.00 450.00 479.00 OK

Check Details

Version: 0.19.11
Check: tests
Result: ERROR Running ‘testthat.R’ [87s/56s] Running the tests in ‘tests/testthat.R’ failed. Complete output: > library(testthat) > library(insight) > test_check("insight") Starting 2 test processes Error in `private$handle_error()`: ! testthat subprocess exited in file `test-fixest.R` Caused by error: ! R session closed the process connection, killed Backtrace: ▆ 1. └─testthat::test_check("insight") 2. └─testthat::test_dir(...) 3. └─testthat:::test_files(...) 4. └─testthat:::test_files_parallel(...) 5. ├─withr::with_dir(...) 6. │ └─base::force(code) 7. ├─testthat::with_reporter(...) 8. │ └─base::tryCatch(...) 9. │ └─base (local) tryCatchList(expr, classes, parentenv, handlers) 10. │ └─base (local) tryCatchOne(expr, names, parentenv, handlers[[1L]]) 11. │ └─base (local) doTryCatch(return(expr), name, parentenv, handler) 12. └─testthat:::parallel_event_loop_chunky(queue, reporters, ".") 13. └─queue$poll(Inf) 14. └─base::lapply(...) 15. └─testthat (local) FUN(X[[i]], ...) 16. └─private$handle_error(msg, i) 17. └─rlang::abort(...) Execution halted Flavor: r-devel-linux-x86_64-debian-clang

Version: 0.19.11
Check: tests
Result: ERROR Running ‘testthat.R’ [63s/51s] Running the tests in ‘tests/testthat.R’ failed. Complete output: > library(testthat) > library(insight) > test_check("insight") Starting 2 test processes Error in `private$handle_error()`: ! testthat subprocess exited in file `test-fixest.R` Caused by error: ! R session crashed with exit code -11 Backtrace: ▆ 1. └─testthat::test_check("insight") 2. └─testthat::test_dir(...) 3. └─testthat:::test_files(...) 4. └─testthat:::test_files_parallel(...) 5. ├─withr::with_dir(...) 6. │ └─base::force(code) 7. ├─testthat::with_reporter(...) 8. │ └─base::tryCatch(...) 9. │ └─base (local) tryCatchList(expr, classes, parentenv, handlers) 10. │ └─base (local) tryCatchOne(expr, names, parentenv, handlers[[1L]]) 11. │ └─base (local) doTryCatch(return(expr), name, parentenv, handler) 12. └─testthat:::parallel_event_loop_chunky(queue, reporters, ".") 13. └─queue$poll(Inf) 14. └─base::lapply(...) 15. └─testthat (local) FUN(X[[i]], ...) 16. └─private$handle_error(msg, i) 17. └─rlang::abort(...) Execution halted Flavor: r-devel-linux-x86_64-debian-gcc

Version: 0.19.11
Check: tests
Result: ERROR Running ‘testthat.R’ [127s/78s] Running the tests in ‘tests/testthat.R’ failed. Complete output: > library(testthat) > library(insight) > test_check("insight") Starting 2 test processes Error in `private$handle_error()`: ! testthat subprocess exited in file `test-fixest.R` Caused by error: ! R session crashed with exit code -11 Backtrace: ▆ 1. └─testthat::test_check("insight") 2. └─testthat::test_dir(...) 3. └─testthat:::test_files(...) 4. └─testthat:::test_files_parallel(...) 5. ├─withr::with_dir(...) 6. │ └─base::force(code) 7. ├─testthat::with_reporter(...) 8. │ └─base::tryCatch(...) 9. │ └─base (local) tryCatchList(expr, classes, parentenv, handlers) 10. │ └─base (local) tryCatchOne(expr, names, parentenv, handlers[[1L]]) 11. │ └─base (local) doTryCatch(return(expr), name, parentenv, handler) 12. └─testthat:::parallel_event_loop_chunky(queue, reporters, ".") 13. └─queue$poll(Inf) 14. └─base::lapply(...) 15. └─testthat (local) FUN(X[[i]], ...) 16. └─private$handle_error(msg, i) 17. └─rlang::abort(...) Execution halted Flavor: r-devel-linux-x86_64-fedora-clang

Version: 0.19.11
Check: tests
Result: ERROR Running ‘testthat.R’ [119s/86s] Running the tests in ‘tests/testthat.R’ failed. Complete output: > library(testthat) > library(insight) > test_check("insight") Starting 2 test processes Error in `private$handle_error()`: ! testthat subprocess exited in file `test-fixest.R` Caused by error: ! R session crashed with exit code -11 Backtrace: ▆ 1. └─testthat::test_check("insight") 2. └─testthat::test_dir(...) 3. └─testthat:::test_files(...) 4. └─testthat:::test_files_parallel(...) 5. ├─withr::with_dir(...) 6. │ └─base::force(code) 7. ├─testthat::with_reporter(...) 8. │ └─base::tryCatch(...) 9. │ └─base (local) tryCatchList(expr, classes, parentenv, handlers) 10. │ └─base (local) tryCatchOne(expr, names, parentenv, handlers[[1L]]) 11. │ └─base (local) doTryCatch(return(expr), name, parentenv, handler) 12. └─testthat:::parallel_event_loop_chunky(queue, reporters, ".") 13. └─queue$poll(Inf) 14. └─base::lapply(...) 15. └─testthat (local) FUN(X[[i]], ...) 16. └─private$handle_error(msg, i) 17. └─rlang::abort(...) Execution halted Flavor: r-devel-linux-x86_64-fedora-gcc

Version: 0.19.11
Check: package dependencies
Result: NOTE Package suggested but not available for checking: ‘blavaan’ Flavor: r-patched-linux-x86_64