CRAN Package Check Results for Package invGauss

Last updated on 2021-12-08 22:57:39 CET.

Flavor Version Tinstall Tcheck Ttotal Status Flags
r-devel-linux-x86_64-debian-clang 1.1 7.41 70.12 77.53 NOTE
r-devel-linux-x86_64-debian-gcc 1.1 6.61 55.22 61.83 NOTE
r-devel-linux-x86_64-fedora-clang 1.1 97.44 NOTE
r-devel-linux-x86_64-fedora-gcc 1.1 84.78 NOTE
r-devel-windows-x86_64-new-UL 1.1 15.00 99.00 114.00 NOTE
r-devel-windows-x86_64-new-TK 1.1 NOTE
r-devel-windows-x86_64-old 1.1 13.00 83.00 96.00 NOTE
r-patched-linux-x86_64 1.1 8.11 68.32 76.43 NOTE
r-release-linux-x86_64 1.1 8.32 68.30 76.62 NOTE
r-release-macos-arm64 1.1 NOTE
r-release-macos-x86_64 1.1 NOTE
r-release-windows-ix86+x86_64 1.1 12.00 80.00 92.00 NOTE
r-oldrel-macos-x86_64 1.1 NOTE
r-oldrel-windows-ix86+x86_64 1.1 17.00 83.00 100.00 NOTE

Check Details

Version: 1.1
Check: DESCRIPTION meta-information
Result: NOTE
    Malformed Title field: should not end in a period.
Flavors: r-devel-linux-x86_64-debian-clang, r-devel-linux-x86_64-debian-gcc, r-devel-linux-x86_64-fedora-clang, r-devel-linux-x86_64-fedora-gcc, r-devel-windows-x86_64-new-UL, r-devel-windows-x86_64-new-TK, r-devel-windows-x86_64-old, r-patched-linux-x86_64, r-release-linux-x86_64, r-release-macos-arm64, r-release-macos-x86_64, r-release-windows-ix86+x86_64, r-oldrel-macos-x86_64, r-oldrel-windows-ix86+x86_64

Version: 1.1
Check: R code for possible problems
Result: NOTE
    f.B: no visible global function definition for 'pnorm'
    f.B.neglog.deriv: no visible global function definition for 'pnorm'
    f.B.neglog.deriv: no visible global function definition for 'dnorm'
    f.grovest3 : f.est: no visible global function definition for 'survfit'
    f.grovest3 : f.est: no visible global function definition for 'lines'
    f.grovest3: no visible global function definition for 'model.frame'
    f.grovest3: no visible global function definition for 'model.extract'
    invGauss: no visible global function definition for 'model.frame'
    invGauss: no visible global function definition for 'model.extract'
    invGauss: no visible global function definition for 'model.matrix'
    predict.invGauss: no visible global function definition for
     'model.frame'
    predict.invGauss: no visible global function definition for
     'model.extract'
    predict.invGauss: no visible global function definition for
     'model.matrix'
    predict.invGauss: no visible binding for global variable 'formula'
    predict.invGauss: no visible binding for global variable 'data'
    summary.invGauss: no visible global function definition for 'pnorm'
    Undefined global functions or variables:
     data dnorm formula lines model.extract model.frame model.matrix pnorm
     survfit
    Consider adding
     importFrom("graphics", "lines")
     importFrom("stats", "dnorm", "formula", "model.extract", "model.frame",
     "model.matrix", "pnorm")
     importFrom("utils", "data")
    to your NAMESPACE file.
Flavors: r-devel-linux-x86_64-debian-clang, r-devel-linux-x86_64-debian-gcc, r-devel-linux-x86_64-fedora-clang, r-devel-linux-x86_64-fedora-gcc, r-devel-windows-x86_64-new-UL, r-devel-windows-x86_64-new-TK, r-devel-windows-x86_64-old, r-patched-linux-x86_64, r-release-linux-x86_64, r-release-macos-arm64, r-release-macos-x86_64, r-release-windows-ix86+x86_64, r-oldrel-macos-x86_64, r-oldrel-windows-ix86+x86_64