CRAN Package Check Results for Package invacost

Last updated on 2022-01-28 23:00:39 CET.

Flavor Version Tinstall Tcheck Ttotal Status Flags
r-devel-linux-x86_64-debian-clang 1.1 7.82 83.12 90.94 OK
r-devel-linux-x86_64-debian-gcc 1.1 5.89 63.75 69.64 OK
r-devel-linux-x86_64-fedora-clang 1.1 114.97 NOTE
r-devel-linux-x86_64-fedora-gcc 1.1 105.07 NOTE
r-devel-windows-x86_64-new-UL 1.1 34.00 108.00 142.00 OK
r-devel-windows-x86_64-new-TK 1.1 NOTE
r-patched-linux-x86_64 1.1 6.65 76.54 83.19 OK
r-release-linux-x86_64 1.1 5.90 76.57 82.47 OK
r-release-macos-arm64 1.1 NOTE
r-release-macos-x86_64 1.1 NOTE
r-release-windows-ix86+x86_64 1.1 17.00 97.00 114.00 OK
r-oldrel-macos-x86_64 1.1 NOTE
r-oldrel-windows-ix86+x86_64 1.1 17.00 95.00 112.00 OK

Check Details

Version: 1.1
Check: dependencies in R code
Result: NOTE
    Namespace in Imports field not imported from: ‘graphics’
     All declared Imports should be used.
Flavors: r-devel-linux-x86_64-fedora-clang, r-devel-linux-x86_64-fedora-gcc, r-devel-windows-x86_64-new-TK, r-release-macos-arm64, r-release-macos-x86_64, r-oldrel-macos-x86_64

Version: 1.1
Check: data for non-ASCII characters
Result: NOTE
     Note: found 11653 marked UTF-8 strings
Flavors: r-devel-linux-x86_64-fedora-clang, r-devel-linux-x86_64-fedora-gcc, r-devel-windows-x86_64-new-TK, r-release-macos-arm64, r-release-macos-x86_64, r-oldrel-macos-x86_64