CRAN Package Check Results for Package ivfixed

Last updated on 2021-12-04 22:59:37 CET.

Flavor Version Tinstall Tcheck Ttotal Status Flags
r-devel-linux-x86_64-debian-clang 1.0 1.82 28.03 29.85 NOTE
r-devel-linux-x86_64-debian-gcc 1.0 1.58 22.45 24.03 NOTE
r-devel-linux-x86_64-fedora-clang 1.0 38.10 NOTE
r-devel-linux-x86_64-fedora-gcc 1.0 26.90 NOTE
r-devel-windows-x86_64-new-UL 1.0 5.00 56.00 61.00 NOTE
r-devel-windows-x86_64-new-TK 1.0 NOTE
r-devel-windows-x86_64-old 1.0 3.00 29.00 32.00 NOTE
r-patched-linux-x86_64 1.0 1.58 19.06 20.64 NOTE
r-release-linux-x86_64 1.0 1.64 19.13 20.77 NOTE
r-release-macos-arm64 1.0 NOTE
r-release-macos-x86_64 1.0 NOTE
r-release-windows-ix86+x86_64 1.0 4.00 30.00 34.00 NOTE
r-oldrel-macos-x86_64 1.0 NOTE
r-oldrel-windows-ix86+x86_64 1.0 3.00 26.00 29.00 NOTE

Check Details

Version: 1.0
Check: DESCRIPTION meta-information
Result: NOTE
    Malformed Description field: should contain one or more complete sentences.
Flavors: r-devel-linux-x86_64-debian-clang, r-devel-linux-x86_64-debian-gcc, r-devel-linux-x86_64-fedora-clang, r-devel-linux-x86_64-fedora-gcc, r-devel-windows-x86_64-new-UL, r-devel-windows-x86_64-new-TK, r-devel-windows-x86_64-old, r-patched-linux-x86_64, r-release-linux-x86_64, r-release-macos-arm64, r-release-macos-x86_64, r-release-windows-ix86+x86_64, r-oldrel-macos-x86_64, r-oldrel-windows-ix86+x86_64

Version: 1.0
Check: R code for possible problems
Result: NOTE
    ivFixed.formula: no visible global function definition for
     'model.matrix'
    ivFixed.formula: no visible global function definition for
     'model.response'
    summary.ivFixed: no visible global function definition for 'coef'
    summary.ivFixed: no visible global function definition for 'pt'
    Undefined global functions or variables:
     coef model.matrix model.response pt
    Consider adding
     importFrom("stats", "coef", "model.matrix", "model.response", "pt")
    to your NAMESPACE file.
Flavors: r-devel-linux-x86_64-debian-clang, r-devel-linux-x86_64-debian-gcc, r-devel-linux-x86_64-fedora-clang, r-devel-linux-x86_64-fedora-gcc, r-devel-windows-x86_64-new-UL, r-devel-windows-x86_64-new-TK, r-devel-windows-x86_64-old, r-patched-linux-x86_64, r-release-linux-x86_64, r-release-macos-arm64, r-release-macos-x86_64, r-release-windows-ix86+x86_64, r-oldrel-macos-x86_64, r-oldrel-windows-ix86+x86_64