CRAN Package Check Results for Package ivpanel

Last updated on 2021-12-04 22:59:37 CET.

Flavor Version Tinstall Tcheck Ttotal Status Flags
r-devel-linux-x86_64-debian-clang 1.0 1.93 30.31 32.24 NOTE
r-devel-linux-x86_64-debian-gcc 1.0 1.52 23.80 25.32 NOTE
r-devel-linux-x86_64-fedora-clang 1.0 40.59 NOTE
r-devel-linux-x86_64-fedora-gcc 1.0 29.83 NOTE
r-devel-windows-x86_64-new-UL 1.0 6.00 64.00 70.00 NOTE
r-devel-windows-x86_64-new-TK 1.0 NOTE
r-devel-windows-x86_64-old 1.0 4.00 29.00 33.00 NOTE
r-patched-linux-x86_64 1.0 1.87 20.92 22.79 NOTE
r-release-linux-x86_64 1.0 1.89 20.82 22.71 NOTE
r-release-macos-arm64 1.0 NOTE
r-release-macos-x86_64 1.0 NOTE
r-release-windows-ix86+x86_64 1.0 4.00 29.00 33.00 NOTE
r-oldrel-macos-x86_64 1.0 NOTE
r-oldrel-windows-ix86+x86_64 1.0 4.00 28.00 32.00 NOTE

Check Details

Version: 1.0
Check: R code for possible problems
Result: NOTE
    hausman: no visible global function definition for 'pchisq'
    ivbe: no visible global function definition for 'cor'
    ivbe: no visible global function definition for 'pt'
    ivfixed: no visible global function definition for 'cor'
    ivfixed: no visible global function definition for 'pt'
    ivpan.formula: no visible global function definition for 'model.matrix'
    ivpan.formula: no visible global function definition for
     'model.response'
    ivrandom: no visible global function definition for 'cor'
    ivrandom: no visible global function definition for 'pt'
    summary.ivpan: no visible global function definition for 'printCoefmat'
    Undefined global functions or variables:
     cor model.matrix model.response pchisq printCoefmat pt
    Consider adding
     importFrom("stats", "cor", "model.matrix", "model.response", "pchisq",
     "printCoefmat", "pt")
    to your NAMESPACE file.
Flavors: r-devel-linux-x86_64-debian-clang, r-devel-linux-x86_64-debian-gcc, r-devel-linux-x86_64-fedora-clang, r-devel-linux-x86_64-fedora-gcc, r-devel-windows-x86_64-new-UL, r-devel-windows-x86_64-new-TK, r-devel-windows-x86_64-old, r-patched-linux-x86_64, r-release-linux-x86_64, r-release-macos-arm64, r-release-macos-x86_64, r-release-windows-ix86+x86_64, r-oldrel-macos-x86_64, r-oldrel-windows-ix86+x86_64