CRAN Package Check Results for Package ivreg

Last updated on 2021-12-02 22:55:56 CET.

Flavor Version Tinstall Tcheck Ttotal Status Flags
r-devel-linux-x86_64-debian-clang 0.6-1 4.58 69.24 73.82 OK
r-devel-linux-x86_64-debian-gcc 0.6-1 4.04 52.95 56.99 OK
r-devel-linux-x86_64-fedora-clang 0.6-1 97.21 NOTE
r-devel-linux-x86_64-fedora-gcc 0.6-1 87.11 OK
r-devel-windows-x86_64-new-UL 0.6-1 14.00 118.00 132.00 NOTE
r-devel-windows-x86_64-new-TK 0.6-1 OK
r-devel-windows-x86_64-old 0.6-1 9.00 70.00 79.00 NOTE
r-patched-linux-x86_64 0.6-1 10.53 66.93 77.46 OK
r-patched-solaris-x86 0.6-1 91.40 NOTE
r-release-linux-x86_64 0.6-1 4.79 67.05 71.84 OK
r-release-macos-arm64 0.6-1 NOTE
r-release-macos-x86_64 0.6-1 NOTE
r-release-windows-ix86+x86_64 0.6-1 12.00 100.00 112.00 NOTE
r-oldrel-macos-x86_64 0.6-1 NOTE
r-oldrel-windows-ix86+x86_64 0.6-1 11.00 96.00 107.00 NOTE

Check Details

Version: 0.6-1
Check: installed package size
Result: NOTE
     installed size is 5.7Mb
     sub-directories of 1Mb or more:
     doc 5.4Mb
Flavors: r-devel-linux-x86_64-fedora-clang, r-devel-windows-x86_64-new-UL, r-devel-windows-x86_64-old, r-patched-solaris-x86, r-release-macos-arm64, r-release-macos-x86_64, r-release-windows-ix86+x86_64, r-oldrel-macos-x86_64, r-oldrel-windows-ix86+x86_64