CRAN Package Check Results for Package jack

Last updated on 2021-12-07 22:59:33 CET.

Flavor Version Tinstall Tcheck Ttotal Status Flags
r-devel-linux-x86_64-debian-clang 1.1.1 14.69 121.66 136.35 NOTE
r-devel-linux-x86_64-debian-gcc 1.1.1 9.10 91.70 100.80 NOTE
r-devel-linux-x86_64-fedora-clang 1.1.1 164.15 NOTE
r-devel-linux-x86_64-fedora-gcc 1.1.1 149.69 NOTE
r-devel-windows-x86_64-new-UL 1.1.1 25.00 159.00 184.00 NOTE
r-devel-windows-x86_64-new-TK 1.1.1 NOTE
r-devel-windows-x86_64-old 1.1.1 21.00 144.00 165.00 NOTE
r-patched-linux-x86_64 1.1.1 13.16 115.10 128.26 NOTE
r-release-linux-x86_64 1.1.1 11.08 115.07 126.15 NOTE
r-release-macos-arm64 1.1.1 NOTE
r-release-macos-x86_64 1.1.1 NOTE
r-release-windows-ix86+x86_64 1.1.1 20.00 138.00 158.00 NOTE
r-oldrel-macos-x86_64 1.1.1 OK
r-oldrel-windows-ix86+x86_64 1.1.1 32.00 142.00 174.00 OK

Check Details

Version: 1.1.1
Check: LazyData
Result: NOTE
     'LazyData' is specified without a 'data' directory
Flavors: r-devel-linux-x86_64-debian-clang, r-devel-linux-x86_64-debian-gcc, r-devel-linux-x86_64-fedora-clang, r-devel-linux-x86_64-fedora-gcc, r-devel-windows-x86_64-new-UL, r-devel-windows-x86_64-new-TK, r-devel-windows-x86_64-old, r-patched-linux-x86_64, r-release-linux-x86_64, r-release-macos-arm64, r-release-macos-x86_64, r-release-windows-ix86+x86_64