Last updated on 2023-06-03 22:56:44 CEST.
Flavor | Version | Tinstall | Tcheck | Ttotal | Status | Flags |
---|---|---|---|---|---|---|
r-devel-linux-x86_64-debian-clang | 1.0.0 | 2.98 | 25.62 | 28.60 | OK | |
r-devel-linux-x86_64-debian-gcc | 1.0.0 | 2.57 | 20.73 | 23.30 | OK | |
r-devel-linux-x86_64-fedora-clang | 1.0.0 | 36.98 | NOTE | |||
r-devel-linux-x86_64-fedora-gcc | 1.0.0 | 35.30 | NOTE | |||
r-devel-windows-x86_64 | 1.0.0 | 6.00 | 43.00 | 49.00 | OK | |
r-patched-linux-x86_64 | 1.0.0 | OK | ||||
r-release-linux-x86_64 | 1.0.0 | 3.15 | 24.99 | 28.14 | OK | |
r-release-macos-arm64 | 1.0.0 | 18.00 | OK | |||
r-release-macos-x86_64 | 1.0.0 | 26.00 | OK | |||
r-release-windows-x86_64 | 1.0.0 | 6.00 | 45.00 | 51.00 | OK | |
r-oldrel-macos-arm64 | 1.0.0 | 17.00 | OK | |||
r-oldrel-macos-x86_64 | 1.0.0 | 38.00 | NOTE | |||
r-oldrel-windows-x86_64 | 1.0.0 | 7.00 | 45.00 | 52.00 | OK |
Version: 1.0.0
Check: data for non-ASCII characters
Result: NOTE
Note: found 1 marked UTF-8 string
Flavors: r-devel-linux-x86_64-fedora-clang, r-devel-linux-x86_64-fedora-gcc, r-oldrel-macos-x86_64