CRAN Package Check Results for Package japanstat

Last updated on 2023-02-06 00:52:33 CET.

Flavor Version Tinstall Tcheck Ttotal Status Flags
r-devel-linux-x86_64-debian-clang 0.1.0 4.51 47.13 51.64 OK
r-devel-linux-x86_64-debian-gcc 0.1.0 4.13 35.68 39.81 OK
r-devel-linux-x86_64-fedora-clang 0.1.0 71.25 NOTE
r-devel-linux-x86_64-fedora-gcc 0.1.0 62.64 NOTE
r-devel-windows-x86_64 0.1.0 24.00 81.00 105.00 OK
r-patched-linux-x86_64 0.1.0 4.06 46.39 50.45 OK
r-release-linux-x86_64 0.1.0 3.59 45.78 49.37 OK
r-release-macos-arm64 0.1.0 22.00 NOTE
r-release-macos-x86_64 0.1.0 46.00 NOTE
r-release-windows-x86_64 0.1.0 20.00 90.00 110.00 OK
r-oldrel-macos-arm64 0.1.0 128.00 NOTE
r-oldrel-macos-x86_64 0.1.0 34.00 NOTE
r-oldrel-windows-ix86+x86_64 0.1.0 13.00 74.00 87.00 OK

Check Details

Version: 0.1.0
Check: data for non-ASCII characters
Result: NOTE
     Note: found 1984 marked UTF-8 strings
Flavors: r-devel-linux-x86_64-fedora-clang, r-devel-linux-x86_64-fedora-gcc, r-release-macos-arm64, r-release-macos-x86_64, r-oldrel-macos-arm64, r-oldrel-macos-x86_64