CRAN Package Check Results for Package jcolors

Last updated on 2022-01-17 22:54:41 CET.

Flavor Version Tinstall Tcheck Ttotal Status Flags
r-devel-linux-x86_64-debian-clang 0.0.4 4.90 70.99 75.89 NOTE
r-devel-linux-x86_64-debian-gcc 0.0.4 3.81 52.83 56.64 NOTE
r-devel-linux-x86_64-fedora-clang 0.0.4 88.48 NOTE
r-devel-linux-x86_64-fedora-gcc 0.0.4 77.70 NOTE
r-devel-windows-x86_64-new-UL 0.0.4 55.00 91.00 146.00 NOTE
r-devel-windows-x86_64-new-TK 0.0.4 NOTE
r-patched-linux-x86_64 0.0.4 4.39 61.60 65.99 NOTE
r-release-linux-x86_64 0.0.4 NOTE
r-release-macos-arm64 0.0.4 NOTE
r-release-macos-x86_64 0.0.4 NOTE
r-release-windows-ix86+x86_64 0.0.4 13.00 78.00 91.00 NOTE
r-oldrel-macos-x86_64 0.0.4 OK
r-oldrel-windows-ix86+x86_64 0.0.4 13.00 85.00 98.00 OK

Check Details

Version: 0.0.4
Check: LazyData
Result: NOTE
     'LazyData' is specified without a 'data' directory
Flavors: r-devel-linux-x86_64-debian-clang, r-devel-linux-x86_64-debian-gcc, r-devel-linux-x86_64-fedora-clang, r-devel-linux-x86_64-fedora-gcc, r-devel-windows-x86_64-new-UL, r-devel-windows-x86_64-new-TK, r-patched-linux-x86_64, r-release-linux-x86_64, r-release-macos-arm64, r-release-macos-x86_64, r-release-windows-ix86+x86_64