Last updated on 2022-05-24 22:50:09 CEST.
Flavor | Version | Tinstall | Tcheck | Ttotal | Status | Flags |
---|---|---|---|---|---|---|
r-devel-linux-x86_64-debian-clang | 0.11 | 77.08 | 73.35 | 150.43 | OK | |
r-devel-linux-x86_64-debian-gcc | 0.11 | 63.64 | 56.98 | 120.62 | OK | |
r-devel-linux-x86_64-fedora-clang | 0.11 | 216.46 | OK | |||
r-devel-linux-x86_64-fedora-gcc | 0.11 | 187.51 | OK | |||
r-devel-windows-x86_64 | 0.11 | 85.00 | 128.00 | 213.00 | OK | |
r-patched-linux-x86_64 | 0.11 | 67.83 | 70.86 | 138.69 | OK | |
r-release-linux-x86_64 | 0.11 | OK | ||||
r-release-macos-arm64 | 0.11 | 55.00 | NOTE | |||
r-release-macos-x86_64 | 0.11 | 76.00 | NOTE | |||
r-release-windows-x86_64 | 0.11 | 82.00 | 124.00 | 206.00 | OK | |
r-oldrel-macos-arm64 | 0.11 | 56.00 | NOTE | |||
r-oldrel-macos-x86_64 | 0.11 | 116.00 | NOTE | |||
r-oldrel-windows-ix86+x86_64 | 0.11 | 174.00 | 155.00 | 329.00 | OK |
Version: 0.11
Check: installed package size
Result: NOTE
installed size is 5.7Mb
sub-directories of 1Mb or more:
libs 5.2Mb
Flavors: r-release-macos-arm64, r-release-macos-x86_64, r-oldrel-macos-arm64, r-oldrel-macos-x86_64