CRAN Package Check Results for Package joinet

Last updated on 2022-01-28 23:00:39 CET.

Flavor Version Tinstall Tcheck Ttotal Status Flags
r-devel-linux-x86_64-debian-clang 0.0.10 2.71 79.45 82.16 NOTE
r-devel-linux-x86_64-debian-gcc 0.0.10 1.83 59.82 61.65 NOTE
r-devel-linux-x86_64-fedora-clang 0.0.10 94.70 NOTE
r-devel-linux-x86_64-fedora-gcc 0.0.10 86.20 NOTE
r-devel-windows-x86_64-new-UL 0.0.10 31.00 110.00 141.00 NOTE
r-devel-windows-x86_64-new-TK 0.0.10 NOTE
r-patched-linux-x86_64 0.0.10 2.41 73.31 75.72 NOTE
r-release-linux-x86_64 0.0.10 2.77 72.64 75.41 NOTE
r-release-macos-arm64 0.0.10 NOTE
r-release-macos-x86_64 0.0.10 NOTE
r-release-windows-ix86+x86_64 0.0.10 7.00 90.00 97.00 OK
r-oldrel-macos-x86_64 0.0.10 OK
r-oldrel-windows-ix86+x86_64 0.0.10 7.00 91.00 98.00 OK

Check Details

Version: 0.0.10
Check: package dependencies
Result: NOTE
    Package which this enhances but not available for checking: 'remMap'
Flavors: r-devel-linux-x86_64-debian-clang, r-devel-linux-x86_64-debian-gcc, r-devel-linux-x86_64-fedora-clang, r-devel-linux-x86_64-fedora-gcc, r-devel-windows-x86_64-new-UL, r-patched-linux-x86_64, r-release-linux-x86_64

Version: 0.0.10
Check: package dependencies
Result: NOTE
    Packages which this enhances but not available for checking:
     'remMap', 'mcen'
Flavor: r-devel-windows-x86_64-new-TK

Version: 0.0.10
Check: package dependencies
Result: NOTE
    Package which this enhances but not available for checking: ‘MRCE’
Flavors: r-release-macos-arm64, r-release-macos-x86_64