Last updated on 2023-02-06 00:52:33 CET.
Flavor | Version | Tinstall | Tcheck | Ttotal | Status | Flags |
---|---|---|---|---|---|---|
r-devel-linux-x86_64-debian-clang | 0.2.1 | 11.95 | 83.26 | 95.21 | OK | |
r-devel-linux-x86_64-debian-gcc | 0.2.1 | 9.21 | 61.08 | 70.29 | OK | |
r-devel-linux-x86_64-fedora-clang | 0.2.1 | 113.53 | NOTE | |||
r-devel-linux-x86_64-fedora-gcc | 0.2.1 | 110.84 | NOTE | |||
r-devel-windows-x86_64 | 0.2.1 | 33.00 | 106.00 | 139.00 | OK | |
r-patched-linux-x86_64 | 0.2.1 | 9.26 | 77.11 | 86.37 | OK | |
r-release-linux-x86_64 | 0.2.1 | 11.48 | 79.62 | 91.10 | OK | |
r-release-macos-arm64 | 0.2.1 | 35.00 | OK | |||
r-release-macos-x86_64 | 0.2.1 | 52.00 | OK | |||
r-release-windows-x86_64 | 0.2.1 | 27.00 | 109.00 | 136.00 | OK | |
r-oldrel-macos-arm64 | 0.2.1 | 34.00 | OK | |||
r-oldrel-macos-x86_64 | 0.2.1 | 51.00 | OK | |||
r-oldrel-windows-ix86+x86_64 | 0.2.1 | 26.00 | 104.00 | 130.00 | OK |
Version: 0.2.1
Check: data for non-ASCII characters
Result: NOTE
Note: found 925830 marked UTF-8 strings
Flavors: r-devel-linux-x86_64-fedora-clang, r-devel-linux-x86_64-fedora-gcc