CRAN Package Check Results for Package jsonify

Last updated on 2022-05-21 22:58:16 CEST.

Flavor Version Tinstall Tcheck Ttotal Status Flags
r-devel-linux-x86_64-debian-clang 1.2.1 78.09 44.93 123.02 OK
r-devel-linux-x86_64-debian-gcc 1.2.1 62.67 34.39 97.06 OK
r-devel-linux-x86_64-fedora-clang 1.2.1 174.10 OK
r-devel-linux-x86_64-fedora-gcc 1.2.1 157.71 OK
r-devel-windows-x86_64 1.2.1 76.00 99.00 175.00 OK
r-patched-linux-x86_64 1.2.1 67.69 43.26 110.95 OK
r-release-linux-x86_64 1.2.1 68.30 42.90 111.20 OK
r-release-macos-arm64 1.2.1 44.00 NOTE
r-release-macos-x86_64 1.2.1 75.00 NOTE
r-release-windows-x86_64 1.2.1 85.00 99.00 184.00 OK
r-oldrel-macos-arm64 1.2.1 52.00 NOTE
r-oldrel-macos-x86_64 1.2.1 83.00 NOTE
r-oldrel-windows-ix86+x86_64 1.2.1 179.00 87.00 266.00 OK

Check Details

Version: 1.2.1
Check: installed package size
Result: NOTE
     installed size is 5.4Mb
     sub-directories of 1Mb or more:
     doc 1.2Mb
     libs 4.0Mb
Flavors: r-release-macos-arm64, r-release-macos-x86_64, r-oldrel-macos-arm64, r-oldrel-macos-x86_64