CRAN Package Check Results for Package jstable

Last updated on 2022-01-26 22:54:54 CET.

Flavor Version Tinstall Tcheck Ttotal Status Flags
r-devel-linux-x86_64-debian-clang 1.0.7 17.75 203.02 220.77 OK
r-devel-linux-x86_64-debian-gcc 1.0.7 12.27 149.39 161.66 OK
r-devel-linux-x86_64-fedora-clang 1.0.7 249.90 OK
r-devel-linux-x86_64-fedora-gcc 1.0.7 255.91 OK
r-devel-windows-x86_64-new-UL 1.0.7 52.00 225.00 277.00 OK
r-devel-windows-x86_64-new-TK 1.0.7 ERROR
r-patched-linux-x86_64 1.0.7 17.54 180.13 197.67 OK
r-release-linux-x86_64 1.0.7 11.04 181.70 192.74 OK
r-release-macos-arm64 1.0.7 OK
r-release-macos-x86_64 1.0.7 OK
r-release-windows-ix86+x86_64 1.0.7 36.00 217.00 253.00 OK
r-oldrel-macos-x86_64 1.0.7 OK
r-oldrel-windows-ix86+x86_64 1.0.7 36.00 225.00 261.00 OK

Check Details

Version: 1.0.7
Check: package dependencies
Result: ERROR
    Package required but not available: 'lme4'
    
    See section 'The DESCRIPTION file' in the 'Writing R Extensions'
    manual.
Flavor: r-devel-windows-x86_64-new-TK