CRAN Package Check Results for Package jtools

Last updated on 2022-01-24 22:56:30 CET.

Flavor Version Tinstall Tcheck Ttotal Status Flags
r-devel-linux-x86_64-debian-clang 2.1.4 12.95 193.09 206.04 OK
r-devel-linux-x86_64-debian-gcc 2.1.4 11.23 141.33 152.56 OK
r-devel-linux-x86_64-fedora-clang 2.1.4 239.38 OK
r-devel-linux-x86_64-fedora-gcc 2.1.4 276.57 OK
r-devel-windows-x86_64-new-UL 2.1.4 70.00 232.00 302.00 OK
r-devel-windows-x86_64-new-TK 2.1.4 NOTE
r-patched-linux-x86_64 2.1.4 14.21 171.78 185.99 OK
r-release-linux-x86_64 2.1.4 11.48 170.18 181.66 OK
r-release-macos-arm64 2.1.4 OK
r-release-macos-x86_64 2.1.4 OK
r-release-windows-ix86+x86_64 2.1.4 26.00 208.00 234.00 OK
r-oldrel-macos-x86_64 2.1.4 OK
r-oldrel-windows-ix86+x86_64 2.1.4 26.00 215.00 241.00 OK

Check Details

Version: 2.1.4
Check: package dependencies
Result: NOTE
    Packages suggested but not available for checking:
     'lme4', 'lmerTest', 'pbkrtest', 'weights'
    
    Package which this enhances but not available for checking: 'rstanarm'
Flavor: r-devel-windows-x86_64-new-TK

Version: 2.1.4
Check: Rd cross-references
Result: NOTE
    Packages unavailable to check Rd xrefs: 'lme4', 'pbkrtest', 'weights'
Flavor: r-devel-windows-x86_64-new-TK