Last updated on 2023-06-03 22:56:44 CEST.
Flavor | Version | Tinstall | Tcheck | Ttotal | Status | Flags |
---|---|---|---|---|---|---|
r-devel-linux-x86_64-debian-clang | 0.1 | 9.71 | 71.98 | 81.69 | NOTE | |
r-devel-linux-x86_64-debian-gcc | 0.1 | 5.98 | 55.19 | 61.17 | NOTE | |
r-devel-linux-x86_64-fedora-clang | 0.1 | 100.91 | NOTE | |||
r-devel-linux-x86_64-fedora-gcc | 0.1 | 106.59 | NOTE | |||
r-devel-windows-x86_64 | 0.1 | 9.00 | 66.00 | 75.00 | NOTE | |
r-patched-linux-x86_64 | 0.1 | NOTE | ||||
r-release-linux-x86_64 | 0.1 | 6.92 | 68.13 | 75.05 | NOTE | |
r-release-macos-arm64 | 0.1 | 38.00 | NOTE | |||
r-release-macos-x86_64 | 0.1 | 65.00 | NOTE | |||
r-release-windows-x86_64 | 0.1 | 8.00 | 74.00 | 82.00 | NOTE | |
r-oldrel-macos-arm64 | 0.1 | 64.00 | OK | |||
r-oldrel-macos-x86_64 | 0.1 | 85.00 | OK | |||
r-oldrel-windows-x86_64 | 0.1 | 11.00 | 77.00 | 88.00 | OK |
Version: 0.1
Check: package subdirectories
Result: NOTE
Problems with news in ‘NEWS.md’:
Cannot extract version info from the following section titles:
pre-release juicr (2017 - 2021)
Flavors: r-devel-linux-x86_64-debian-clang, r-devel-linux-x86_64-debian-gcc, r-devel-linux-x86_64-fedora-clang, r-devel-linux-x86_64-fedora-gcc, r-devel-windows-x86_64, r-patched-linux-x86_64, r-release-linux-x86_64, r-release-macos-arm64, r-release-macos-x86_64, r-release-windows-x86_64