CRAN Package Check Results for Package kantorovich

Last updated on 2022-01-22 22:52:14 CET.

Flavor Version Tinstall Tcheck Ttotal Status Flags
r-devel-linux-x86_64-debian-clang 3.0.0 13.07 136.25 149.32 NOTE
r-devel-linux-x86_64-debian-gcc 3.0.0 9.81 103.02 112.83 NOTE
r-devel-linux-x86_64-fedora-clang 3.0.0 179.91 NOTE
r-devel-linux-x86_64-fedora-gcc 3.0.0 167.19 NOTE
r-devel-windows-x86_64-new-UL 3.0.0 48.00 153.00 201.00 NOTE
r-devel-windows-x86_64-new-TK 3.0.0 NOTE
r-patched-linux-x86_64 3.0.0 12.31 128.56 140.87 NOTE
r-release-linux-x86_64 3.0.0 12.57 130.19 142.76 NOTE
r-release-macos-arm64 3.0.0 NOTE
r-release-macos-x86_64 3.0.0 NOTE
r-release-windows-ix86+x86_64 3.0.0 28.00 146.00 174.00 NOTE
r-oldrel-macos-x86_64 3.0.0 OK
r-oldrel-windows-ix86+x86_64 3.0.0 29.00 145.00 174.00 OK

Check Details

Version: 3.0.0
Check: LazyData
Result: NOTE
     'LazyData' is specified without a 'data' directory
Flavors: r-devel-linux-x86_64-debian-clang, r-devel-linux-x86_64-debian-gcc, r-devel-linux-x86_64-fedora-clang, r-devel-linux-x86_64-fedora-gcc, r-devel-windows-x86_64-new-UL, r-devel-windows-x86_64-new-TK, r-patched-linux-x86_64, r-release-linux-x86_64, r-release-macos-arm64, r-release-macos-x86_64, r-release-windows-ix86+x86_64