CRAN Package Check Results for Package kernscr

Last updated on 2022-01-23 22:49:44 CET.

Flavor Version Tinstall Tcheck Ttotal Status Flags
r-devel-linux-x86_64-debian-clang 1.0.5 2.88 36.22 39.10 OK
r-devel-linux-x86_64-debian-gcc 1.0.5 2.42 30.84 33.26 OK
r-devel-linux-x86_64-fedora-clang 1.0.5 48.39 OK
r-devel-linux-x86_64-fedora-gcc 1.0.5 37.07 OK
r-devel-windows-x86_64-new-UL 1.0.5 33.00 51.00 84.00 OK
r-devel-windows-x86_64-new-TK 1.0.5 OK
r-patched-linux-x86_64 1.0.5 2.75 35.09 37.84 OK
r-release-linux-x86_64 1.0.5 2.84 34.29 37.13 OK
r-release-macos-arm64 1.0.5 NOTE
r-release-macos-x86_64 1.0.5 NOTE
r-release-windows-ix86+x86_64 1.0.5 6.00 43.00 49.00 OK
r-oldrel-macos-x86_64 1.0.5 OK
r-oldrel-windows-ix86+x86_64 1.0.5 7.00 42.00 49.00 OK

Check Details

Version: 1.0.5
Check: package dependencies
Result: NOTE
    Package suggested but not available for checking: ‘org.Hs.eg.db’
Flavors: r-release-macos-arm64, r-release-macos-x86_64