CRAN Package Check Results for Package keyATM

Last updated on 2021-12-06 21:51:17 CET.

Flavor Version Tinstall Tcheck Ttotal Status Flags
r-devel-linux-x86_64-debian-clang 0.4.0 215.82 172.32 388.14 OK
r-devel-linux-x86_64-debian-gcc 0.4.0 168.58 120.41 288.99 OK
r-devel-linux-x86_64-fedora-clang 0.4.0 567.26 NOTE
r-devel-linux-x86_64-fedora-gcc 0.4.0 515.42 OK
r-devel-windows-x86_64-new-UL 0.4.0 275.00 217.00 492.00 OK
r-devel-windows-x86_64-new-TK 0.4.0 OK
r-devel-windows-x86_64-old 0.4.0 279.00 212.00 491.00 OK
r-patched-linux-x86_64 0.4.0 191.26 155.87 347.13 OK
r-release-linux-x86_64 0.4.0 186.91 164.06 350.97 OK
r-release-macos-arm64 0.4.0 NOTE
r-release-macos-x86_64 0.4.0 NOTE
r-release-windows-ix86+x86_64 0.4.0 542.00 320.00 862.00 OK
r-oldrel-macos-x86_64 0.4.0 NOTE
r-oldrel-windows-ix86+x86_64 0.4.0 534.00 334.00 868.00 OK

Check Details

Version: 0.4.0
Check: installed package size
Result: NOTE
     installed size is 11.7Mb
     sub-directories of 1Mb or more:
     libs 11.3Mb
Flavors: r-devel-linux-x86_64-fedora-clang, r-release-macos-arm64, r-release-macos-x86_64, r-oldrel-macos-x86_64