CRAN Package Check Results for Package keyToEnglish

Last updated on 2023-02-08 23:15:18 CET.

Flavor Version Tinstall Tcheck Ttotal Status Flags
r-devel-linux-x86_64-debian-clang 0.2.1 3.38 27.47 30.85 NOTE
r-devel-linux-x86_64-debian-gcc 0.2.1 2.34 21.44 23.78 NOTE
r-devel-linux-x86_64-fedora-clang 0.2.1 38.68 NOTE
r-devel-linux-x86_64-fedora-gcc 0.2.1 36.97 NOTE
r-devel-windows-x86_64 0.2.1 47.00 60.00 107.00 NOTE
r-patched-linux-x86_64 0.2.1 3.10 27.52 30.62 OK
r-release-linux-x86_64 0.2.1 3.06 26.28 29.34 OK
r-release-macos-arm64 0.2.1 18.00 OK
r-release-macos-x86_64 0.2.1 22.00 OK
r-release-windows-x86_64 0.2.1 52.00 60.00 112.00 OK
r-oldrel-macos-arm64 0.2.1 22.00 OK
r-oldrel-macos-x86_64 0.2.1 30.00 OK
r-oldrel-windows-ix86+x86_64 0.2.1 7.00 51.00 58.00 OK

Check Details

Version: 0.2.1
Check: package subdirectories
Result: NOTE
    Problems with news in ‘NEWS.md’:
     Cannot extract version info from the following section titles:
     Minor Changes
Flavors: r-devel-linux-x86_64-debian-clang, r-devel-linux-x86_64-debian-gcc, r-devel-linux-x86_64-fedora-clang, r-devel-linux-x86_64-fedora-gcc, r-devel-windows-x86_64