CRAN Package Check Results for Package knockoff

Last updated on 2022-01-20 22:54:06 CET.

Flavor Version Tinstall Tcheck Ttotal Status Flags
r-devel-linux-x86_64-debian-clang 0.3.3 OK --no-vignettes
r-devel-linux-x86_64-debian-gcc 0.3.3 2.74 90.20 92.94 OK --no-vignettes
r-devel-linux-x86_64-fedora-clang 0.3.3 140.63 ERROR --no-vignettes
r-devel-linux-x86_64-fedora-gcc 0.3.3 129.18 ERROR --no-vignettes
r-devel-windows-x86_64-new-UL 0.3.3 67.00 139.00 206.00 NOTE --no-vignettes
r-devel-windows-x86_64-new-TK 0.3.3 NOTE --no-vignettes
r-patched-linux-x86_64 0.3.3 2.57 113.52 116.09 OK --no-vignettes
r-release-linux-x86_64 0.3.3 3.39 113.49 116.88 OK --no-vignettes
r-release-macos-arm64 0.3.3 OK
r-release-macos-x86_64 0.3.3 OK
r-release-windows-ix86+x86_64 0.3.3 7.00 106.00 113.00 NOTE --no-vignettes
r-oldrel-macos-x86_64 0.3.3 OK
r-oldrel-windows-ix86+x86_64 0.3.3 8.00 131.00 139.00 NOTE --no-vignettes

Check Details

Version: 0.3.3
Flags: --no-vignettes
Check: tests
Result: ERROR
     Running ‘testthat.R’ [19s/48s]
    Running the tests in ‘tests/testthat.R’ failed.
    Complete output:
     > library(testthat)
     > library(knockoff)
     >
     > # Set a random seed for reproducibility when running R CMD CHECK.
     > # Note that this file is not run by devtools::test, so the tests will be truly
     > # random when run from RStudio.
     > set.seed(1234)
     >
     > # Run the test suite.
     > test_check('knockoff')
     ══ Skipped tests ═══════════════════════════════════════════════════════════════
     • On CRAN (1)
    
     ══ Failed tests ════════════════════════════════════════════════════════════════
     ── Error (test_stats.R:10:3): Statistics obey antisymmetry property ────────────
     Error in `sample.int(x, size, replace, prob)`: invalid 'size' argument
     Backtrace:
     █
     1. ├─base::sort(sample(p, sample(p))) test_stats.R:10:2
     2. └─base::sample(p, sample(p))
     3. └─base::sample.int(x, size, replace, prob)
    
     [ FAIL 1 | WARN 0 | SKIP 1 | PASS 14 ]
     Error: Test failures
     Execution halted
Flavor: r-devel-linux-x86_64-fedora-clang

Version: 0.3.3
Flags: --no-vignettes
Check: tests
Result: ERROR
     Running ‘testthat.R’ [20s/20s]
    Running the tests in ‘tests/testthat.R’ failed.
    Complete output:
     > library(testthat)
     > library(knockoff)
     >
     > # Set a random seed for reproducibility when running R CMD CHECK.
     > # Note that this file is not run by devtools::test, so the tests will be truly
     > # random when run from RStudio.
     > set.seed(1234)
     >
     > # Run the test suite.
     > test_check('knockoff')
     ══ Skipped tests ═══════════════════════════════════════════════════════════════
     • On CRAN (1)
    
     ══ Failed tests ════════════════════════════════════════════════════════════════
     ── Error (test_stats.R:10:3): Statistics obey antisymmetry property ────────────
     Error in `sample.int(x, size, replace, prob)`: invalid 'size' argument
     Backtrace:
     █
     1. ├─base::sort(sample(p, sample(p))) test_stats.R:10:2
     2. └─base::sample(p, sample(p))
     3. └─base::sample.int(x, size, replace, prob)
    
     [ FAIL 1 | WARN 0 | SKIP 1 | PASS 14 ]
     Error: Test failures
     Execution halted
Flavor: r-devel-linux-x86_64-fedora-gcc

Version: 0.3.3
Flags: --no-vignettes
Check: package dependencies
Result: NOTE
    Package suggested but not available for checking: 'doMC'
Flavors: r-devel-windows-x86_64-new-UL, r-devel-windows-x86_64-new-TK, r-release-windows-ix86+x86_64, r-oldrel-windows-ix86+x86_64