CRAN Package Check Results for Package kntnr

Last updated on 2022-05-17 22:51:30 CEST.

Flavor Version Tinstall Tcheck Ttotal Status Flags
r-devel-linux-x86_64-debian-clang 0.4.4 5.39 64.86 70.25 NOTE
r-devel-linux-x86_64-debian-gcc 0.4.4 3.99 47.46 51.45 NOTE
r-devel-linux-x86_64-fedora-clang 0.4.4 82.31 NOTE
r-devel-linux-x86_64-fedora-gcc 0.4.4 77.82 NOTE
r-devel-windows-x86_64 0.4.4 13.00 81.00 94.00 NOTE
r-patched-linux-x86_64 0.4.4 4.87 61.03 65.90 NOTE
r-release-linux-x86_64 0.4.4 3.24 60.05 63.29 NOTE
r-release-macos-arm64 0.4.4 25.00 NOTE
r-release-macos-x86_64 0.4.4 48.00 NOTE
r-release-windows-x86_64 0.4.4 14.00 80.00 94.00 NOTE
r-oldrel-macos-arm64 0.4.4 30.00 NOTE
r-oldrel-macos-x86_64 0.4.4 39.00 NOTE
r-oldrel-windows-ix86+x86_64 0.4.4 14.00 76.00 90.00 NOTE

Check Details

Version: 0.4.4
Check: LazyData
Result: NOTE
     'LazyData' is specified without a 'data' directory
Flavors: r-devel-linux-x86_64-debian-clang, r-devel-linux-x86_64-debian-gcc, r-devel-linux-x86_64-fedora-clang, r-devel-linux-x86_64-fedora-gcc, r-devel-windows-x86_64, r-patched-linux-x86_64, r-release-linux-x86_64, r-release-macos-arm64, r-release-macos-x86_64, r-release-windows-x86_64, r-oldrel-macos-arm64, r-oldrel-macos-x86_64, r-oldrel-windows-ix86+x86_64