Last updated on 2023-06-02 23:03:23 CEST.
Flavor | Version | Tinstall | Tcheck | Ttotal | Status | Flags |
---|---|---|---|---|---|---|
r-devel-linux-x86_64-debian-clang | 0.13-8 | 25.66 | 195.28 | 220.94 | NOTE | |
r-devel-linux-x86_64-debian-gcc | 0.13-8 | 18.56 | 141.69 | 160.25 | NOTE | |
r-devel-linux-x86_64-fedora-clang | 0.13-8 | 273.64 | NOTE | |||
r-devel-linux-x86_64-fedora-gcc | 0.13-8 | 272.68 | NOTE | |||
r-devel-windows-x86_64 | 0.13-8 | 23.00 | 182.00 | 205.00 | NOTE | |
r-patched-linux-x86_64 | 0.13-8 | NOTE | ||||
r-release-linux-x86_64 | 0.13-8 | 25.77 | 184.09 | 209.86 | NOTE | |
r-release-macos-arm64 | 0.13-8 | 77.00 | NOTE | |||
r-release-macos-x86_64 | 0.13-8 | 134.00 | NOTE | |||
r-release-windows-x86_64 | 0.13-8 | 29.00 | 220.00 | 249.00 | NOTE | |
r-oldrel-macos-arm64 | 0.13-8 | 68.00 | NOTE | |||
r-oldrel-macos-x86_64 | 0.13-8 | 98.00 | NOTE | |||
r-oldrel-windows-x86_64 | 0.13-8 | 30.00 | 198.00 | 228.00 | NOTE |
Version: 0.13-8
Check: package dependencies
Result: NOTE
Packages suggested but not available for checking:
'koRpus.lang.de', 'koRpus.lang.es', 'koRpus.lang.fr',
'koRpus.lang.it', 'koRpus.lang.nl', 'koRpus.lang.pt',
'koRpus.lang.ru'
Package which this enhances but not available for checking: ‘rkward’
Flavors: r-devel-linux-x86_64-debian-clang, r-devel-linux-x86_64-debian-gcc, r-devel-linux-x86_64-fedora-clang, r-devel-linux-x86_64-fedora-gcc, r-devel-windows-x86_64, r-patched-linux-x86_64, r-release-linux-x86_64, r-release-macos-arm64, r-release-macos-x86_64, r-release-windows-x86_64, r-oldrel-macos-arm64, r-oldrel-macos-x86_64, r-oldrel-windows-x86_64