CRAN Package Check Results for Package kselection

Last updated on 2022-01-16 22:51:16 CET.

Flavor Version Tinstall Tcheck Ttotal Status Flags
r-devel-linux-x86_64-debian-clang 0.2.0 2.14 32.21 34.35 NOTE
r-devel-linux-x86_64-debian-gcc 0.2.0 1.41 25.56 26.97 NOTE
r-devel-linux-x86_64-fedora-clang 0.2.0 42.34 NOTE
r-devel-linux-x86_64-fedora-gcc 0.2.0 31.95 NOTE
r-devel-windows-x86_64-new-UL 0.2.0 38.00 51.00 89.00 NOTE
r-devel-windows-x86_64-new-TK 0.2.0 NOTE
r-patched-linux-x86_64 0.2.0 2.03 31.28 33.31 NOTE
r-release-linux-x86_64 0.2.0 NOTE
r-release-macos-arm64 0.2.0 NOTE
r-release-macos-x86_64 0.2.0 NOTE
r-release-windows-ix86+x86_64 0.2.0 5.00 42.00 47.00 NOTE
r-oldrel-macos-x86_64 0.2.0 NOTE
r-oldrel-windows-ix86+x86_64 0.2.0 5.00 40.00 45.00 NOTE

Check Details

Version: 0.2.0
Check: R code for possible problems
Result: NOTE
    kselection: no visible global function definition for 'txtProgressBar'
    kselection: no visible global function definition for
     'setTxtProgressBar'
    plot.Kselection: no visible global function definition for 'lines'
    plot.Kselection: no visible global function definition for 'legend'
    Undefined global functions or variables:
     legend lines setTxtProgressBar txtProgressBar
    Consider adding
     importFrom("graphics", "legend", "lines")
     importFrom("utils", "setTxtProgressBar", "txtProgressBar")
    to your NAMESPACE file.
Flavors: r-devel-linux-x86_64-debian-clang, r-devel-linux-x86_64-debian-gcc, r-devel-linux-x86_64-fedora-clang, r-devel-linux-x86_64-fedora-gcc, r-devel-windows-x86_64-new-UL, r-devel-windows-x86_64-new-TK, r-patched-linux-x86_64, r-release-linux-x86_64, r-release-macos-arm64, r-release-macos-x86_64, r-release-windows-ix86+x86_64, r-oldrel-macos-x86_64, r-oldrel-windows-ix86+x86_64