CRAN Package Check Results for Package kutils

Last updated on 2022-05-15 22:51:40 CEST.

Flavor Version Tinstall Tcheck Ttotal Status Flags
r-devel-linux-x86_64-debian-clang 1.70 6.61 79.58 86.19 OK
r-devel-linux-x86_64-debian-gcc 1.70 4.20 59.55 63.75 OK
r-devel-linux-x86_64-fedora-clang 1.70 104.66 NOTE
r-devel-linux-x86_64-fedora-gcc 1.70 100.69 NOTE
r-devel-windows-x86_64 1.70 43.00 121.00 164.00 OK
r-patched-linux-x86_64 1.70 6.98 74.25 81.23 OK
r-release-linux-x86_64 1.70 5.16 74.64 79.80 OK
r-release-macos-arm64 1.70 34.00 NOTE
r-release-macos-x86_64 1.70 49.00 NOTE
r-release-windows-x86_64 1.70 47.00 123.00 170.00 OK
r-oldrel-macos-arm64 1.70 40.00 NOTE
r-oldrel-macos-x86_64 1.70 65.00 NOTE
r-oldrel-windows-ix86+x86_64 1.70 15.00 97.00 112.00 OK

Check Details

Version: 1.70
Check: dependencies in R code
Result: NOTE
    Namespace in Imports field not imported from: ‘RUnit’
     All declared Imports should be used.
Flavors: r-devel-linux-x86_64-fedora-clang, r-devel-linux-x86_64-fedora-gcc, r-release-macos-arm64, r-release-macos-x86_64, r-oldrel-macos-arm64, r-oldrel-macos-x86_64