CRAN Package Check Results for Package l0ara

Last updated on 2022-07-05 22:50:25 CEST.

Flavor Version Tinstall Tcheck Ttotal Status Flags
r-devel-linux-x86_64-debian-clang 0.1.6 31.96 30.09 62.05 NOTE
r-devel-linux-x86_64-debian-gcc 0.1.6 28.13 23.46 51.59 NOTE
r-devel-linux-x86_64-fedora-clang 0.1.6 100.86 NOTE
r-devel-linux-x86_64-fedora-gcc 0.1.6 93.46 NOTE
r-devel-windows-x86_64 0.1.6 36.00 73.00 109.00 NOTE
r-patched-linux-x86_64 0.1.6 32.91 29.73 62.64 NOTE
r-release-linux-x86_64 0.1.6 29.80 29.08 58.88 NOTE
r-release-macos-arm64 0.1.6 28.00 NOTE
r-release-macos-x86_64 0.1.6 36.00 NOTE
r-release-windows-x86_64 0.1.6 40.00 83.00 123.00 NOTE
r-oldrel-macos-arm64 0.1.6 29.00 NOTE
r-oldrel-macos-x86_64 0.1.6 51.00 NOTE
r-oldrel-windows-ix86+x86_64 0.1.6 88.00 71.00 159.00 NOTE

Check Details

Version: 0.1.6
Check: LazyData
Result: NOTE
     'LazyData' is specified without a 'data' directory
Flavors: r-devel-linux-x86_64-debian-clang, r-devel-linux-x86_64-debian-gcc, r-devel-linux-x86_64-fedora-clang, r-devel-linux-x86_64-fedora-gcc, r-devel-windows-x86_64, r-patched-linux-x86_64, r-release-linux-x86_64, r-release-macos-arm64, r-release-macos-x86_64, r-release-windows-x86_64, r-oldrel-macos-arm64, r-oldrel-macos-x86_64, r-oldrel-windows-ix86+x86_64