CRAN Package Check Results for Package lactater

Last updated on 2022-05-20 22:53:13 CEST.

Flavor Version Tinstall Tcheck Ttotal Status Flags
r-devel-linux-x86_64-debian-clang 0.1.0 4.40 64.72 69.12 OK
r-devel-linux-x86_64-debian-gcc 0.1.0 2.61 48.68 51.29 OK
r-devel-linux-x86_64-fedora-clang 0.1.0 80.15 NOTE
r-devel-linux-x86_64-fedora-gcc 0.1.0 77.90 OK
r-devel-windows-x86_64 0.1.0 29.00 86.00 115.00 OK
r-patched-linux-x86_64 0.1.0 3.16 59.98 63.14 OK
r-release-linux-x86_64 0.1.0 2.36 60.32 62.68 OK
r-release-macos-arm64 0.1.0 26.00 OK
r-release-macos-x86_64 0.1.0 45.00 OK
r-release-windows-x86_64 0.1.0 34.00 86.00 120.00 OK
r-oldrel-macos-arm64 0.1.0 22.00 OK
r-oldrel-macos-x86_64 0.1.0 31.00 OK
r-oldrel-windows-ix86+x86_64 0.1.0 10.00 74.00 84.00 OK

Check Details

Version: 0.1.0
Check: Rd cross-references
Result: NOTE
    Undeclared package ‘tibble’ in Rd xrefs
Flavor: r-devel-linux-x86_64-fedora-clang