CRAN Package Check Results for Package languageserver

Last updated on 2022-01-15 23:00:30 CET.

Flavor Version Tinstall Tcheck Ttotal Status Flags
r-devel-linux-x86_64-debian-clang 0.3.12 19.67 53.14 72.81 OK
r-devel-linux-x86_64-debian-gcc 0.3.12 16.79 40.96 57.75 OK
r-devel-linux-x86_64-fedora-clang 0.3.12 93.41 NOTE
r-devel-linux-x86_64-fedora-gcc 0.3.12 80.68 NOTE
r-devel-windows-x86_64-new-UL 0.3.12 257.00 69.00 326.00 OK
r-devel-windows-x86_64-new-TK 0.3.12 NOTE
r-patched-linux-x86_64 0.3.12 13.21 50.58 63.79 OK
r-release-linux-x86_64 0.3.12 13.54 51.49 65.03 OK
r-release-macos-arm64 0.3.12 NOTE
r-release-macos-x86_64 0.3.12 NOTE
r-release-windows-ix86+x86_64 0.3.12 41.00 75.00 116.00 OK
r-oldrel-macos-x86_64 0.3.12 NOTE
r-oldrel-windows-ix86+x86_64 0.3.12 39.00 71.00 110.00 OK

Check Details

Version: 0.3.12
Check: dependencies in R code
Result: NOTE
    Namespaces in Imports field not imported from:
     ‘callr’ ‘parallel’
     All declared Imports should be used.
Flavors: r-devel-linux-x86_64-fedora-clang, r-devel-linux-x86_64-fedora-gcc, r-devel-windows-x86_64-new-TK, r-release-macos-arm64, r-release-macos-x86_64, r-oldrel-macos-x86_64