CRAN Package Check Results for Package latte

Last updated on 2022-01-25 22:57:00 CET.

Flavor Version Tinstall Tcheck Ttotal Status Flags
r-devel-linux-x86_64-debian-clang 0.2.1 9.19 74.32 83.51 NOTE
r-devel-linux-x86_64-debian-gcc 0.2.1 7.95 55.30 63.25 NOTE
r-devel-linux-x86_64-fedora-clang 0.2.1 103.04 NOTE
r-devel-linux-x86_64-fedora-gcc 0.2.1 87.91 NOTE
r-devel-windows-x86_64-new-UL 0.2.1 29.00 96.00 125.00 NOTE
r-devel-windows-x86_64-new-TK 0.2.1 NOTE
r-patched-linux-x86_64 0.2.1 14.06 67.17 81.23 NOTE
r-release-linux-x86_64 0.2.1 8.71 66.66 75.37 NOTE
r-release-macos-arm64 0.2.1 NOTE
r-release-macos-x86_64 0.2.1 NOTE
r-release-windows-ix86+x86_64 0.2.1 19.00 84.00 103.00 NOTE
r-oldrel-macos-x86_64 0.2.1 OK
r-oldrel-windows-ix86+x86_64 0.2.1 20.00 84.00 104.00 OK

Check Details

Version: 0.2.1
Check: LazyData
Result: NOTE
     'LazyData' is specified without a 'data' directory
Flavors: r-devel-linux-x86_64-debian-clang, r-devel-linux-x86_64-debian-gcc, r-devel-linux-x86_64-fedora-clang, r-devel-linux-x86_64-fedora-gcc, r-devel-windows-x86_64-new-UL, r-devel-windows-x86_64-new-TK, r-patched-linux-x86_64, r-release-linux-x86_64, r-release-macos-arm64, r-release-macos-x86_64, r-release-windows-ix86+x86_64