Last updated on 2022-07-04 22:59:15 CEST.
Flavor | Version | Tinstall | Tcheck | Ttotal | Status | Flags |
---|---|---|---|---|---|---|
r-devel-linux-x86_64-debian-clang | 0.0.1 | 8.90 | 111.09 | 119.99 | OK | |
r-devel-linux-x86_64-debian-gcc | 0.0.1 | 6.03 | 80.10 | 86.13 | OK | |
r-devel-linux-x86_64-fedora-clang | 0.0.1 | 144.98 | NOTE | |||
r-devel-linux-x86_64-fedora-gcc | 0.0.1 | 142.98 | NOTE | |||
r-devel-windows-x86_64 | 0.0.1 | 20.00 | 124.00 | 144.00 | OK | |
r-patched-linux-x86_64 | 0.0.1 | 7.98 | 104.51 | 112.49 | OK | |
r-release-linux-x86_64 | 0.0.1 | 8.77 | 103.32 | 112.09 | OK | |
r-release-macos-arm64 | 0.0.1 | 35.00 | NOTE | |||
r-release-macos-x86_64 | 0.0.1 | 66.00 | NOTE | |||
r-release-windows-x86_64 | 0.0.1 | 23.00 | 123.00 | 146.00 | OK | |
r-oldrel-macos-arm64 | 0.0.1 | 36.00 | NOTE | |||
r-oldrel-macos-x86_64 | 0.0.1 | 56.00 | NOTE | |||
r-oldrel-windows-ix86+x86_64 | 0.0.1 | 20.00 | 124.00 | 144.00 | OK |
Version: 0.0.1
Check: dependencies in R code
Result: NOTE
Namespaces in Imports field not imported from:
‘dplyr’ ‘raster’
All declared Imports should be used.
Flavors: r-devel-linux-x86_64-fedora-clang, r-devel-linux-x86_64-fedora-gcc, r-release-macos-arm64, r-release-macos-x86_64, r-oldrel-macos-arm64, r-oldrel-macos-x86_64