CRAN Package Check Results for Package lazysf

Last updated on 2022-01-28 23:00:40 CET.

Flavor Version Tinstall Tcheck Ttotal Status Flags
r-devel-linux-x86_64-debian-clang 0.1.0 8.64 77.89 86.53 NOTE
r-devel-linux-x86_64-debian-gcc 0.1.0 6.62 58.46 65.08 NOTE
r-devel-linux-x86_64-fedora-clang 0.1.0 97.06 NOTE
r-devel-linux-x86_64-fedora-gcc 0.1.0 86.57 NOTE
r-devel-windows-x86_64-new-UL 0.1.0 41.00 93.00 134.00 NOTE
r-devel-windows-x86_64-new-TK 0.1.0 NOTE
r-patched-linux-x86_64 0.1.0 11.59 65.74 77.33 NOTE
r-release-linux-x86_64 0.1.0 6.57 65.98 72.55 NOTE
r-release-macos-arm64 0.1.0 NOTE
r-release-macos-x86_64 0.1.0 NOTE
r-release-windows-ix86+x86_64 0.1.0 18.00 79.00 97.00 NOTE
r-oldrel-macos-x86_64 0.1.0 OK
r-oldrel-windows-ix86+x86_64 0.1.0 18.00 81.00 99.00 OK

Check Details

Version: 0.1.0
Check: LazyData
Result: NOTE
     'LazyData' is specified without a 'data' directory
Flavors: r-devel-linux-x86_64-debian-clang, r-devel-linux-x86_64-debian-gcc, r-devel-linux-x86_64-fedora-clang, r-devel-linux-x86_64-fedora-gcc, r-devel-windows-x86_64-new-UL, r-devel-windows-x86_64-new-TK, r-patched-linux-x86_64, r-release-linux-x86_64, r-release-macos-arm64, r-release-macos-x86_64, r-release-windows-ix86+x86_64