CRAN Package Check Results for Package lba

Last updated on 2022-01-17 22:54:41 CET.

Flavor Version Tinstall Tcheck Ttotal Status Flags
r-devel-linux-x86_64-debian-clang 2.4.4 10.40 86.25 96.65 NOTE
r-devel-linux-x86_64-debian-gcc 2.4.4 8.73 65.72 74.45 NOTE
r-devel-linux-x86_64-fedora-clang 2.4.4 119.74 NOTE
r-devel-linux-x86_64-fedora-gcc 2.4.4 106.42 NOTE
r-devel-windows-x86_64-new-UL 2.4.4 51.00 96.00 147.00 NOTE
r-devel-windows-x86_64-new-TK 2.4.4 NOTE
r-patched-linux-x86_64 2.4.4 14.99 84.48 99.47 NOTE
r-release-linux-x86_64 2.4.4 NOTE
r-release-macos-arm64 2.4.4 NOTE
r-release-macos-x86_64 2.4.4 NOTE
r-release-windows-ix86+x86_64 2.4.4 21.00 94.00 115.00 NOTE
r-oldrel-macos-x86_64 2.4.4 NOTE
r-oldrel-windows-ix86+x86_64 2.4.4 21.00 91.00 112.00 NOTE

Check Details

Version: 2.4.4
Check: R code for possible problems
Result: NOTE
    plotcorr.lba.3d: warning in pch3d(colcoordi[, dim], pch = pch.budget,
     col = col.budget, ...): partial argument match of 'col' to 'color'
Flavors: r-devel-linux-x86_64-debian-clang, r-devel-linux-x86_64-debian-gcc, r-devel-linux-x86_64-fedora-clang, r-devel-linux-x86_64-fedora-gcc, r-devel-windows-x86_64-new-UL, r-devel-windows-x86_64-new-TK, r-patched-linux-x86_64, r-release-linux-x86_64, r-release-macos-arm64, r-release-macos-x86_64, r-release-windows-ix86+x86_64, r-oldrel-macos-x86_64, r-oldrel-windows-ix86+x86_64