CRAN Package Check Results for Package lcsm

Last updated on 2022-01-20 22:54:06 CET.

Flavor Version Tinstall Tcheck Ttotal Status Flags
r-devel-linux-x86_64-debian-clang 0.1.2 OK
r-devel-linux-x86_64-debian-gcc 0.1.2 3.91 73.49 77.40 OK
r-devel-linux-x86_64-fedora-clang 0.1.2 130.56 NOTE
r-devel-linux-x86_64-fedora-gcc 0.1.2 110.07 NOTE
r-devel-windows-x86_64-new-UL 0.1.2 40.00 139.00 179.00 OK
r-devel-windows-x86_64-new-TK 0.1.2 NOTE
r-patched-linux-x86_64 0.1.2 4.73 99.99 104.72 OK
r-release-linux-x86_64 0.1.2 3.09 99.56 102.65 OK
r-release-macos-arm64 0.1.2 NOTE
r-release-macos-x86_64 0.1.2 NOTE
r-release-windows-ix86+x86_64 0.1.2 11.00 135.00 146.00 OK
r-oldrel-macos-x86_64 0.1.2 NOTE
r-oldrel-windows-ix86+x86_64 0.1.2 12.00 132.00 144.00 OK

Check Details

Version: 0.1.2
Check: dependencies in R code
Result: NOTE
    Namespaces in Imports field not imported from:
     ‘data.table’ ‘utf8’
     All declared Imports should be used.
Flavors: r-devel-linux-x86_64-fedora-clang, r-devel-linux-x86_64-fedora-gcc, r-devel-windows-x86_64-new-TK, r-release-macos-arm64, r-release-macos-x86_64, r-oldrel-macos-x86_64