CRAN Package Check Results for Package ldatuning

Last updated on 2022-01-27 23:01:06 CET.

Flavor Version Tinstall Tcheck Ttotal Status Flags
r-devel-linux-x86_64-debian-clang 1.0.2 5.87 77.46 83.33 NOTE
r-devel-linux-x86_64-debian-gcc 1.0.2 4.39 58.30 62.69 NOTE
r-devel-linux-x86_64-fedora-clang 1.0.2 98.75 NOTE
r-devel-linux-x86_64-fedora-gcc 1.0.2 86.13 NOTE
r-devel-windows-x86_64-new-UL 1.0.2 30.00 111.00 141.00 NOTE
r-devel-windows-x86_64-new-TK 1.0.2 NOTE
r-patched-linux-x86_64 1.0.2 8.66 69.10 77.76 NOTE
r-release-linux-x86_64 1.0.2 4.53 68.59 73.12 NOTE
r-release-macos-arm64 1.0.2 NOTE
r-release-macos-x86_64 1.0.2 NOTE
r-release-windows-ix86+x86_64 1.0.2 16.00 100.00 116.00 NOTE
r-oldrel-macos-x86_64 1.0.2 OK
r-oldrel-windows-ix86+x86_64 1.0.2 15.00 107.00 122.00 OK

Check Details

Version: 1.0.2
Check: LazyData
Result: NOTE
     'LazyData' is specified without a 'data' directory
Flavors: r-devel-linux-x86_64-debian-clang, r-devel-linux-x86_64-debian-gcc, r-devel-linux-x86_64-fedora-clang, r-devel-linux-x86_64-fedora-gcc, r-devel-windows-x86_64-new-UL, r-devel-windows-x86_64-new-TK, r-patched-linux-x86_64, r-release-linux-x86_64, r-release-macos-arm64, r-release-macos-x86_64, r-release-windows-ix86+x86_64

Version: 1.0.2
Check: Rd cross-references
Result: NOTE
    Undeclared package ‘tm’ in Rd xrefs
Flavor: r-devel-linux-x86_64-fedora-clang