CRAN Package Check Results for Package leaflegend

Last updated on 2021-12-04 22:59:38 CET.

Flavor Version Tinstall Tcheck Ttotal Status Flags
r-devel-linux-x86_64-debian-clang 0.5.0 3.06 34.98 38.04 OK
r-devel-linux-x86_64-debian-gcc 0.5.0 2.36 27.64 30.00 OK
r-devel-linux-x86_64-fedora-clang 0.5.0 46.68 OK
r-devel-linux-x86_64-fedora-gcc 0.5.0 34.94 OK
r-devel-windows-x86_64-new-UL 0.5.0 11.00 62.00 73.00 OK
r-devel-windows-x86_64-new-TK 0.5.0 OK
r-devel-windows-x86_64-old 0.5.0 9.00 35.00 44.00 OK
r-patched-linux-x86_64 0.5.0 3.13 25.58 28.71 OK
r-release-linux-x86_64 0.5.0 2.77 25.89 28.66 OK
r-release-macos-arm64 0.5.0 OK
r-release-macos-x86_64 0.5.0 OK
r-release-windows-ix86+x86_64 0.5.0 10.00 44.00 54.00 OK
r-oldrel-macos-x86_64 0.5.0 ERROR
r-oldrel-windows-ix86+x86_64 0.5.0 10.00 41.00 51.00 ERROR

Check Details

Version: 0.5.0
Check: for unstated dependencies in examples
Result: WARN
    Warning: parse error in file 'lines':
    24: unexpected '>'
    201: )
    202: leaflet(quakes[1:3,]) |>
     ^
Flavor: r-oldrel-macos-x86_64

Version: 0.5.0
Check: examples
Result: ERROR
    Running examples in ‘leaflegend-Ex.R’ failed
    The error most likely occurred in:
    
    > ### Name: addLegendAwesomeIcon
    > ### Title: Add a legend with Awesome Icons
    > ### Aliases: addLegendAwesomeIcon
    >
    > ### ** Examples
    >
    > library(leaflet)
    > data(quakes)
    > iconSet <- awesomeIconList(
    + `Font Awesome` = makeAwesomeIcon(icon = "font-awesome", library = "fa",
    + iconColor = 'gold', markerColor = 'red',
    + spin = FALSE,
    + squareMarker = TRUE,
    + iconRotate = 30,
    + ),
    + Ionic = makeAwesomeIcon(icon = "ionic", library = "ion",
    + iconColor = '#fffff', markerColor = 'blue',
    + spin = TRUE,
    + squareMarker = FALSE),
    + Glyphicon = makeAwesomeIcon(icon = "plus-sign", library = "glyphicon",
    + iconColor = 'rgb(192, 255, 0)', markerColor = 'darkpurple',
    + spin = TRUE,
    + squareMarker = FALSE)
    + )
    > leaflet(quakes[1:3,]) |>
    Error: unexpected '>' in "leaflet(quakes[1:3,]) |>"
    Execution halted
Flavors: r-oldrel-macos-x86_64, r-oldrel-windows-ix86+x86_64

Version: 0.5.0
Check: for unstated dependencies in examples
Result: WARN
    Warning: parse error in file 'lines':
    24: unexpected '>'
    202: )
    203: leaflet(quakes[1:3,]) |>
     ^
Flavor: r-oldrel-windows-ix86+x86_64