Last updated on 2023-04-01 22:53:45 CEST.
Flavor | Version | Tinstall | Tcheck | Ttotal | Status | Flags |
---|---|---|---|---|---|---|
r-devel-linux-x86_64-debian-clang | 0.2.1 | 5.20 | 44.91 | 50.11 | OK | |
r-devel-linux-x86_64-debian-gcc | 0.2.1 | 4.95 | 34.77 | 39.72 | OK | |
r-devel-linux-x86_64-fedora-clang | 0.2.1 | 63.26 | NOTE | |||
r-devel-linux-x86_64-fedora-gcc | 0.2.1 | 60.65 | NOTE | |||
r-devel-windows-x86_64 | 0.2.1 | 29.00 | 81.00 | 110.00 | NOTE | |
r-patched-linux-x86_64 | 0.2.1 | 6.80 | 43.50 | 50.30 | OK | |
r-release-linux-x86_64 | 0.2.1 | 6.13 | 45.20 | 51.33 | OK | |
r-release-macos-arm64 | 0.2.1 | 21.00 | NOTE | |||
r-release-macos-x86_64 | 0.2.1 | 48.00 | NOTE | |||
r-release-windows-x86_64 | 0.2.1 | 64.00 | 87.00 | 151.00 | NOTE | |
r-oldrel-macos-arm64 | 0.2.1 | 31.00 | NOTE | |||
r-oldrel-macos-x86_64 | 0.2.1 | 45.00 | NOTE | |||
r-oldrel-windows-ix86+x86_64 | 0.2.1 | 15.00 | 71.00 | 86.00 | NOTE |
Version: 0.2.1
Check: installed package size
Result: NOTE
installed size is 12.1Mb
sub-directories of 1Mb or more:
geojson 11.9Mb
Flavors: r-devel-linux-x86_64-fedora-clang, r-devel-windows-x86_64, r-release-macos-arm64, r-release-macos-x86_64, r-release-windows-x86_64, r-oldrel-macos-arm64, r-oldrel-macos-x86_64, r-oldrel-windows-ix86+x86_64
Version: 0.2.1
Check: dependencies in R code
Result: NOTE
Namespace in Imports field not imported from: ‘rgeos’
All declared Imports should be used.
Flavors: r-devel-linux-x86_64-fedora-clang, r-devel-linux-x86_64-fedora-gcc, r-release-macos-arm64, r-release-macos-x86_64, r-oldrel-macos-arm64, r-oldrel-macos-x86_64
Version: 0.2.1
Check: data for non-ASCII characters
Result: NOTE
Note: found 1096 marked UTF-8 strings
Flavors: r-devel-linux-x86_64-fedora-clang, r-devel-linux-x86_64-fedora-gcc, r-release-macos-arm64, r-release-macos-x86_64, r-oldrel-macos-arm64, r-oldrel-macos-x86_64