CRAN Package Check Results for Package lfmm

Last updated on 2021-12-04 22:59:38 CET.

Flavor Version Tinstall Tcheck Ttotal Status Flags
r-devel-linux-x86_64-debian-clang 1.1 42.97 193.84 236.81 OK
r-devel-linux-x86_64-debian-gcc 1.1 33.25 142.69 175.94 OK
r-devel-linux-x86_64-fedora-clang 1.1 302.61 NOTE
r-devel-linux-x86_64-fedora-gcc 1.1 277.64 NOTE
r-devel-windows-x86_64-new-UL 1.1 55.00 270.00 325.00 OK
r-devel-windows-x86_64-new-TK 1.1 NOTE
r-devel-windows-x86_64-old 1.1 56.00 196.00 252.00 OK
r-patched-linux-x86_64 1.1 36.80 180.49 217.29 OK
r-release-linux-x86_64 1.1 39.26 181.84 221.10 OK
r-release-macos-arm64 1.1 NOTE
r-release-macos-x86_64 1.1 NOTE
r-release-windows-ix86+x86_64 1.1 94.00 359.00 453.00 OK
r-oldrel-macos-x86_64 1.1 NOTE
r-oldrel-windows-ix86+x86_64 1.1 93.00 370.00 463.00 OK

Check Details

Version: 1.1
Check: installed package size
Result: NOTE
     installed size is 11.4Mb
     sub-directories of 1Mb or more:
     data 1.8Mb
     libs 9.0Mb
Flavors: r-devel-linux-x86_64-fedora-clang, r-release-macos-arm64, r-release-macos-x86_64, r-oldrel-macos-x86_64

Version: 1.1
Check: dependencies in R code
Result: NOTE
    Namespaces in Imports field not imported from:
     ‘ggplot2’ ‘knitr’ ‘purrr’ ‘rmarkdown’
     All declared Imports should be used.
Flavors: r-devel-linux-x86_64-fedora-clang, r-devel-linux-x86_64-fedora-gcc, r-devel-windows-x86_64-new-TK, r-release-macos-arm64, r-release-macos-x86_64, r-oldrel-macos-x86_64