Last updated on 2023-02-06 00:52:34 CET.
Flavor | Version | Tinstall | Tcheck | Ttotal | Status | Flags |
---|---|---|---|---|---|---|
r-devel-linux-x86_64-debian-clang | 1.6.4 | 5.82 | 55.58 | 61.40 | OK | |
r-devel-linux-x86_64-debian-gcc | 1.6.4 | 4.03 | 41.86 | 45.89 | OK | |
r-devel-linux-x86_64-fedora-clang | 1.6.4 | 77.28 | NOTE | |||
r-devel-linux-x86_64-fedora-gcc | 1.6.4 | 85.97 | NOTE | |||
r-devel-windows-x86_64 | 1.6.4 | 41.00 | 99.00 | 140.00 | OK | |
r-patched-linux-x86_64 | 1.6.4 | 6.19 | 52.71 | 58.90 | OK | |
r-release-linux-x86_64 | 1.6.4 | 5.12 | 52.58 | 57.70 | OK | |
r-release-macos-arm64 | 1.6.4 | 29.00 | NOTE | |||
r-release-macos-x86_64 | 1.6.4 | 38.00 | NOTE | |||
r-release-windows-x86_64 | 1.6.4 | 59.00 | 97.00 | 156.00 | OK | |
r-oldrel-macos-arm64 | 1.6.4 | 32.00 | NOTE | |||
r-oldrel-macos-x86_64 | 1.6.4 | 39.00 | NOTE | |||
r-oldrel-windows-ix86+x86_64 | 1.6.4 | 10.00 | 85.00 | 95.00 | OK |
Version: 1.6.4
Check: data for non-ASCII characters
Result: NOTE
Note: found 22 marked UTF-8 strings
Flavors: r-devel-linux-x86_64-fedora-clang, r-devel-linux-x86_64-fedora-gcc, r-release-macos-arm64, r-release-macos-x86_64, r-oldrel-macos-arm64, r-oldrel-macos-x86_64