CRAN Package Check Results for Package likelihoodAsy

Last updated on 2022-01-24 22:56:31 CET.

Flavor Version Tinstall Tcheck Ttotal Status Flags
r-devel-linux-x86_64-debian-clang 0.51 9.76 187.46 197.22 OK
r-devel-linux-x86_64-debian-gcc 0.51 5.88 132.54 138.42 OK
r-devel-linux-x86_64-fedora-clang 0.51 235.84 OK
r-devel-linux-x86_64-fedora-gcc 0.51 232.41 OK
r-devel-windows-x86_64-new-UL 0.51 31.00 252.00 283.00 OK
r-devel-windows-x86_64-new-TK 0.51 WARN
r-patched-linux-x86_64 0.51 7.23 166.87 174.10 OK
r-release-linux-x86_64 0.51 8.50 166.40 174.90 OK
r-release-macos-arm64 0.51 OK
r-release-macos-x86_64 0.51 OK
r-release-windows-ix86+x86_64 0.51 19.00 196.00 215.00 OK
r-oldrel-macos-x86_64 0.51 OK
r-oldrel-windows-ix86+x86_64 0.51 19.00 196.00 215.00 OK

Check Details

Version: 0.51
Check: package dependencies
Result: NOTE
    Package suggested but not available for checking: 'lme4'
Flavor: r-devel-windows-x86_64-new-TK

Version: 0.51
Check: re-building of vignette outputs
Result: WARN
    Error(s) in re-building vignettes:
    --- re-building 'likelihoodAsy.Rnw' using knitr
    Loading required package: cond
    Loading required package: statmod
    Loading required package: survival
    
     Package "cond" 1.2-3 (2014-06-27)
     Copyright (C) 2000-2014 A. R. Brazzale
    
     This is free software, and you are welcome to redistribute
     it and/or modify it under the terms of the GNU General
     Public License published by the Free Software Foundation.
     Package "cond" comes with ABSOLUTELY NO WARRANTY.
    
     type `help(package="cond")' for summary information
    
    Loading required package: digest
    Warning in log(1 - rho^2) : NaNs produced
    Warning in nlminb(thetainit, min.floglik, min.fscore, data = data) :
     NA/NaN function evaluation
    Warning in log(1 - rho^2) : NaNs produced
    Warning in nlminb(thetainit, min.floglik, min.fscore, data = data) :
     NA/NaN function evaluation
    Warning in log(1 - rho^2) : NaNs produced
    Warning in nlminb(thetainit, min.floglik, min.fscore, data = data) :
     NA/NaN function evaluation
    Warning in log(1 - rho^2) : NaNs produced
    Warning in nlminb(thetainit, min.floglik, min.fscore, data = data) :
     NA/NaN function evaluation
    Warning in log(1 - rho^2) : NaNs produced
    Warning in nlminb(thetainit, min.floglik, min.fscore, data = data) :
     NA/NaN function evaluation
    Quitting from lines 730-735 (likelihoodAsy.Rnw)
    Error: processing vignette 'likelihoodAsy.Rnw' failed with diagnostics:
    there is no package called 'lme4'
    --- failed re-building 'likelihoodAsy.Rnw'
    
    SUMMARY: processing the following file failed:
     'likelihoodAsy.Rnw'
    
    Error: Vignette re-building failed.
    Execution halted
Flavor: r-devel-windows-x86_64-new-TK