CRAN Package Check Results for Package lilikoi

Last updated on 2024-02-21 23:11:33 CET.

Flavor Version Tinstall Tcheck Ttotal Status Flags
r-devel-linux-x86_64-debian-clang 2.1.1 OK
r-devel-linux-x86_64-debian-gcc 2.1.1 47.67 314.94 362.61 OK
r-devel-linux-x86_64-fedora-clang 2.1.1 596.52 NOTE
r-devel-linux-x86_64-fedora-gcc 2.1.1 602.30 OK
r-devel-windows-x86_64 2.1.1 50.00 279.00 329.00 OK
r-patched-linux-x86_64 2.1.1 59.65 419.94 479.59 OK
r-release-linux-x86_64 2.1.1 54.87 410.42 465.29 OK
r-release-macos-arm64 2.1.1 177.00 OK
r-release-macos-x86_64 2.1.1 167.00 OK
r-release-windows-x86_64 2.1.1 67.00 368.00 435.00 OK
r-oldrel-macos-arm64 2.1.1 128.00 OK
r-oldrel-windows-x86_64 2.1.1 64.00 351.00 415.00 OK

Check Details

Version: 2.1.1
Check: package dependencies
Result: NOTE Imports includes 26 non-default packages. Importing from so many packages makes the package vulnerable to any of them becoming unavailable. Move as many as possible to Suggests and use conditionally. Flavor: r-devel-linux-x86_64-fedora-clang