CRAN Package Check Results for Package liminal

Last updated on 2022-01-26 22:54:54 CET.

Flavor Version Tinstall Tcheck Ttotal Status Flags
r-devel-linux-x86_64-debian-clang 0.1.2 6.65 94.35 101.00 OK
r-devel-linux-x86_64-debian-gcc 0.1.2 5.01 71.96 76.97 OK
r-devel-linux-x86_64-fedora-clang 0.1.2 118.80 NOTE
r-devel-linux-x86_64-fedora-gcc 0.1.2 110.21 OK
r-devel-windows-x86_64-new-UL 0.1.2 42.00 123.00 165.00 OK
r-devel-windows-x86_64-new-TK 0.1.2 OK
r-patched-linux-x86_64 0.1.2 10.97 92.97 103.94 OK
r-release-linux-x86_64 0.1.2 6.09 93.94 100.03 OK
r-release-macos-arm64 0.1.2 OK
r-release-macos-x86_64 0.1.2 OK
r-release-windows-ix86+x86_64 0.1.2 13.00 117.00 130.00 OK
r-oldrel-macos-x86_64 0.1.2 OK
r-oldrel-windows-ix86+x86_64 0.1.2 13.00 118.00 131.00 OK

Check Details

Version: 0.1.2
Check: Rd cross-references
Result: NOTE
    Undeclared package ‘tidyselect’ in Rd xrefs
Flavor: r-devel-linux-x86_64-fedora-clang